{"id":4951,"date":"2022-03-17T15:31:57","date_gmt":"2022-03-17T08:31:57","guid":{"rendered":"http:\/\/tupvietnam.com\/?page_id=4951"},"modified":"2022-03-17T15:31:59","modified_gmt":"2022-03-17T08:31:59","slug":"chinh-sach-bao-hanh","status":"publish","type":"page","link":"https:\/\/tiemtaphoa.xyz\/index.php\/chinh-sach-bao-hanh\/","title":{"rendered":"Ch\u00ednh s\u00e1ch b\u1ea3o h\u00e0nh"},"content":{"rendered":"\n<p><strong>Qui \u0111\u1ecbnh v\u1ec1 ph\u1ea1m vi b\u1ea3o h\u00e0nh c\u00e1c s\u1ea3n ph\u1ea9m Tupperware<\/strong><\/p>\n\n\n\n<h2 class=\"wp-block-heading\"><strong>\u0110\u1ecbnh ngh\u0129a<\/strong><\/h2>\n\n\n\n<p><strong>1. B\u1ea3o h\u00e0nh tr\u1ecdn v\u00f2ng \u0111\u1eddi (Lifetime Warranty):<\/strong>&nbsp;B\u1ea3o h\u00e0nh \u00e1p d\u1ee5ng \u0111\u1ed1i v\u1edbi s\u1ea3n ph\u1ea9m ho\u1eb7c b\u1ed9 ph\u1eadn c\u1ee7a s\u1ea3n ph\u1ea9m c\u00f3 c\u1ea5u t\u1ea1o b\u1eb1ng nh\u1ef1a (ngo\u1ea1i tr\u1eeb silicone). B\u1ea3o h\u00e0nh n\u00e0y s\u1ebd \u0111\u01b0\u1ee3c \u00e1p d\u1ee5ng trong su\u1ed1t qu\u00e1 tr\u00ecnh s\u1eed d\u1ee5ng th\u00f4ng th\u01b0\u1eddng theo \u0111\u00fang h\u01b0\u1edbng d\u1eabn s\u1eed d\u1ee5ng v\u00e0 c\u00f4ng n\u0103ng c\u1ee7a s\u1ea3n ph\u1ea9m. C\u00e1c tr\u01b0\u1eddng h\u1ee3p ngo\u1ea1i l\u1ec7 s\u1ebd \u0111\u01b0\u1ee3c quy \u0111\u1ecbnh c\u1ee5 th\u1ec3 theo ch\u00ednh s\u00e1ch b\u1ea3o h\u00e0nh.<\/p>\n\n\n\n<p><strong>2. B\u1ea3o h\u00e0nh c\u00f3 gi\u1edbi h\u1ea1n (Q-Warranty):<\/strong>&nbsp;B\u1ea3o h\u00e0nh \u00e1p d\u1ee5ng \u0111\u1ed1i v\u1edbi s\u1ea3n ph\u1ea9m ho\u1eb7c b\u1ed9 ph\u1eadn c\u1ee7a s\u1ea3n ph\u1ea9m c\u00f3 c\u1ea5u t\u1ea1o kh\u00f4ng ph\u1ea3i ch\u1ea5t li\u1ec7u nh\u1ef1a. Th\u1eddi h\u1ea1n v\u00e0 \u0111i\u1ec1u ki\u1ec7n b\u1ea3o h\u00e0nh s\u1ebd \u0111\u01b0\u1ee3c quy \u0111\u1ecbnh cho t\u1eebng s\u1ea3n ph\u1ea9m c\u1ee5 th\u1ec3.<\/p>\n\n\n\n<p><strong>3. Ph\u1ea1m vi b\u1ea3o h\u00e0nh:<\/strong>&nbsp;Ch\u00ednh s\u00e1ch b\u1ea3o h\u00e0nh n\u00e0y ch\u1ec9 \u00e1p d\u1ee5ng \u0111\u1ed1i v\u1edbi c\u00e1c s\u1ea3n ph\u1ea9m mang th\u01b0\u01a1ng hi\u1ec7u Tupperware do Tupperware Vi\u1ec7t Nam nh\u1eadp kh\u1ea9u v\u00e0 ph\u00e2n ph\u1ed1i ch\u00ednh th\u1ee9c t\u1ea1i th\u1ecb tr\u01b0\u1eddng Vi\u1ec7t Nam th\u00f4ng qua \u0111\u1ea1i l\u00fd \u1ee7y quy\u1ec1n tr\u00ean to\u00e0n qu\u1ed1c.<\/p>\n\n\n\n<p><strong>4. Quy t\u1eafc&nbsp;b\u1ea3o h\u00e0nh:<\/strong>&nbsp;T\u00f9y v\u00e0o l\u01b0\u1ee3ng h\u00e0ng ho\u00e1 c\u1ee7a Tupperware Vi\u1ec7t Nam t\u1ea1i th\u1eddi \u0111i\u1ec3m x\u1eed l\u00fd b\u1ea3o h\u00e0nh. Vi\u1ec7c thay th\u1ebf s\u1ea3n ph\u1ea9m m\u1edbi ho\u1eb7c b\u1ed9 ph\u1eadn c\u1ee7a s\u1ea3n ph\u1ea9m s\u1ebd tu\u00e2n theo th\u1ee9 t\u1ef1 \u01b0u ti\u00ean sau:<\/p>\n\n\n\n<p><em><strong>\u01afu ti\u00ean 1:<\/strong><\/em>&nbsp;S\u1ea3n ph\u1ea9m thay th\u1ebf c\u00f3 c\u00f9ng thi\u1ebft k\u1ebf v\u00e0 c\u00f9ng m\u00e0u s\u1eafc v\u1edbi s\u1ea3n ph\u1ea9m y\u00eau c\u1ea7u b\u1ea3o h\u00e0nh.<\/p>\n\n\n\n<p><br><em><strong>\u01afu ti\u00ean 2:<\/strong><\/em>&nbsp;S\u1ea3n ph\u1ea9m thay th\u1ebf c\u00f3 c\u00f9ng thi\u1ebft k\u1ebf v\u00e0 kh\u00e1c m\u00e0u s\u1eafc v\u1edbi s\u1ea3n ph\u1ea9m y\u00eau c\u1ea7u b\u1ea3o h\u00e0nh.<\/p>\n\n\n\n<p><br><em><strong>\u01afu ti\u00ean 3:<\/strong><\/em>&nbsp;Tupperware Vi\u1ec7t Nam \u0111\u1ec1 xu\u1ea5t danh s\u00e1ch h\u00e0ng thay th\u1ebf v\u00e0 kh\u00e1ch h\u00e0ng l\u1ef1a ch\u1ecdn s\u1ea3n ph\u1ea9m thay th\u1ebf c\u00f3 c\u00f9ng ch\u1ee9c n\u0103ng trong danh m\u1ee5c s\u1ea3n ph\u1ea9m hi\u1ec7n h\u00e0nh c\u1ee7a Tupperware Vi\u1ec7t Nam t\u1ea1i th\u1eddi \u0111i\u1ec3m b\u1ea3o h\u00e0nh.<\/p>\n\n\n\n<p><strong>+ N\u1ebfu gi\u00e1&nbsp;b\u00e1n l\u1ebb (GBL) c\u1ee7a s\u1ea3n ph\u1ea9m y\u00eau c\u1ea7u b\u1ea3o h\u00e0nh (YCBH) th\u1ea5p h\u01a1n GBL s\u1ea3n ph\u1ea9m thay th\u1ebf kh\u00e1ch h\u00e0ng ch\u1ecdn, kh\u00e1ch h\u00e0ng ph\u1ea3i thanh to\u00e1n ph\u1ea7n ti\u1ec1n ch\u00eanh l\u1ec7ch.<\/strong><\/p>\n\n\n\n<p><strong>+ N\u1ebfu gi\u00e1 b\u00e1n l\u1ebb (GBL) c\u1ee7a s\u1ea3n ph\u1ea9m y\u00eau c\u1ea7u b\u1ea3o h\u00e0nh (YCBH) cao h\u01a1n GBL s\u1ea3n ph\u1ea9m thay th\u1ebf kh\u00e1ch h\u00e0ng ch\u1ecdn, Tuppeware Vi\u1ec7t Nam s\u1ebd kh\u00f4ng ho\u00e0n ti\u1ec1n ch\u00eanh l\u1ec7ch.<\/strong><\/p>\n\n\n\n<p>* Gi\u00e1 b\u00e1n l\u1ebb c\u1ee7a s\u1ea3n ph\u1ea9m y\u00eau c\u1ea7u b\u1ea3o h\u00e0nh s\u1ebd do Tupperware Vi\u1ec7t Nam quy\u1ebft \u0111\u1ecbnh.<\/p>\n\n\n\n<h2 class=\"wp-block-heading\">Th\u1eddi h\u1ea1n b\u1ea3o h\u00e0nh<\/h2>\n\n\n\n<p>&#8211; T\u1ea5t c\u1ea3 c\u00e1c s\u1ea3n ph\u1ea9m c\u1ee7a Tupperware Vi\u1ec7t Nam s\u1ebd \u0111\u01b0\u1ee3c b\u1ea3o h\u00e0nh theo th\u1eddi h\u1ea1n sau:<em>(Th\u1eddi h\u1ea1n b\u1ea3o h\u00e0nh \u0111\u01b0\u1ee3c b\u1eaft \u0111\u1ea7u t\u00ednh t\u1eeb ng\u00e0y ng\u01b0\u1eddi ti\u00eau d\u00f9ng mua h\u00e0ng)<\/em><\/p>\n\n\n\n<figure class=\"wp-block-table\"><table><tbody><tr><td><strong>STT<\/strong><\/td><td><strong>S\u1ea3n ph\u1ea9m<\/strong><\/td><td><strong>Ch\u1ebf \u0111\u1ed9 b\u1ea3o h\u00e0nh<\/strong><\/td><td><strong>Th\u1eddi h\u1ea1n b\u1ea3o h\u00e0nh<\/strong><\/td><\/tr><tr><td>I. S\u1ea3n ph\u1ea9m gia d\u1ee5ng<\/td><\/tr><tr><td>1<\/td><td>S\u1ea3n ph\u1ea9m nh\u1ef1a gia d\u1ee5ng<\/td><td>B\u1ea3o h\u00e0nh tr\u1ecdn v\u00f2ng \u0111\u1eddi<\/td><td>B\u1ea3o h\u00e0nh tr\u1ecdn v\u00f2ng \u0111\u1eddi<\/td><\/tr><tr><td>2<\/td><td>B\u00ecnh gi\u1eef nhi\u1ec7t<\/td><td>B\u1ea3o h\u00e0nh c\u00f3 gi\u1edbi h\u1ea1n (*)<\/td><td>&nbsp; &nbsp; &nbsp; &nbsp; &nbsp; &nbsp; &nbsp;12 th\u00e1ng<\/td><\/tr><tr><td>II. S\u1ea3n ph\u1ea9m d\u1ee5ng c\u1ee5 n\u1ea5u n\u01b0\u1edbng<\/td><\/tr><tr><td>1<\/td><td>M\u00e1y xay (Chopper)<\/td><td>B\u1ea3o h\u00e0nh tr\u1ecdn v\u00f2ng \u0111\u1eddi<\/td><td>B\u1ea3o h\u00e0nh tr\u1ecdn v\u00f2ng \u0111\u1eddi cho c\u00e1c b\u1ed9 ph\u1ea7n c\u1ea5u t\u1ea1o b\u1eb1ng nh\u1ef1a<\/td><\/tr><tr><td>2<\/td><td>B\u1ed9 dao k\u00e9o<\/td><td>S\u1ea3n ph\u1ea9m dao, k\u00e9o&nbsp;v\u00e0 \u0111\u1ed3 m\u00e0i dao s\u1ebd kh\u00f4ng \u0111\u01b0\u1ee3c b\u1ea3o h\u00e0nh.Ngay th\u1eddi \u0111i\u1ec3m mua, n\u1ebfu h\u00e0ng c\u00f3 khuy\u1ebft \u0111i\u1ec3m th\u00ec c\u00f3 th\u1ec3 \u0111\u1ed5i ngay, nh\u01b0ng n\u1ebfu qua s\u1eed d\u1ee5ng th\u00ec s\u1ebd kh\u00f4ng \u0111\u01b0\u1ee3c b\u1ea3o h\u00e0nh.<\/td><td>&nbsp;<\/td><\/tr><tr><td>3<\/td><td>M\u00e1y xay th\u1ecbt Fusion Master<\/td><td>B\u1ea3o h\u00e0nh c\u00f3 gi\u1edbi h\u1ea1n (*)<\/td><td>12 th\u00e1ng<\/td><\/tr><tr><td>4<\/td><td>N\u1ed3i ch\u1ea3o<\/td><td>B\u1ea3o h\u00e0nh c\u00f3 gi\u1edbi h\u1ea1n (*)<\/td><td>&nbsp; &nbsp; &nbsp; &nbsp; &nbsp; &nbsp; &nbsp;36 th\u00e1ng<\/td><\/tr><tr><td>III. S\u1ea3n ph\u1ea9m m\u00e1y l\u1ecdc n\u01b0\u1edbc<\/td><\/tr><tr><td>1<\/td><td>M\u00e1y l\u1ecdc n\u01b0\u1edbc Nano Nature<\/td><td>B\u1ea3o h\u00e0nh c\u00f3 gi\u1edbi h\u1ea1n (*)<\/td><td>24 th\u00e1ng<\/td><\/tr><\/tbody><\/table><\/figure>\n\n\n\n<p><em>(*) Tupperware Vi\u1ec7t Nam s\u1ebd kh\u00f4ng gi\u1ea3i quy\u1ebft n\u1ebfu kh\u00f4ng c\u00f3 phi\u1ebfu ti\u1ebfp nh\u1eadn b\u1ea3o h\u00e0nh.<\/em><\/p>\n\n\n\n<h2 class=\"wp-block-heading\">\u0110\u1ecba ch\u1ec9 ti\u1ebfp nh\u1eadn b\u1ea3o h\u00e0nh<\/h2>\n\n\n\n<p><strong>+ Tr\u1ee5 s\u1edf ch\u00ednh v\u00e0 ph\u00f2ng b\u1ea3o h\u00e0nh:<\/strong><strong>C\u00f4ng ty TNHH Tupperware Vietnam<\/strong><\/p>\n\n\n\n<p>\u0110\u1ecba ch\u1ec9: 288 Pasteur, Ph\u01b0\u1eddng 8, Qu\u1eadn 3 Th\u00e0nh ph\u1ed1 H\u1ed3 Ch\u00ed Minh<\/p>\n\n\n\n<p>\u0110i\u1ec7n tho\u1ea1i: (+84) 28 3820 7015<\/p>\n\n\n\n<p>Email: baohanh@tupperware.com<\/p>\n\n\n\n<p><strong>+ H\u1ec7 th\u1ed1ng c\u1eeda h\u00e0ng u\u1ef7 quy\u1ec1n Tupperware Vietnam (**) \u0111\u01b0\u1ee3c ni\u00eam y\u1ebft t\u1ea1i&nbsp;<\/strong><a href=\"http:\/\/www.tupperware.com.vn\/\"><strong>www.tupperware.com.vn<\/strong><\/a><strong><\/strong><\/p>\n\n\n\n<p>Website: www.facebook.com\/TupperwareVietnam<\/p>\n\n\n\n<p><strong>(*):<\/strong>&nbsp;Phi\u1ebfu ti\u1ebfp nh\u1eadn b\u1ea3o h\u00e0nh \u0111\u01b0\u1ee3c cung c\u1ea5p mi\u1ec5n ph\u00ed t\u1ea1i c\u00e1c c\u1eeda h\u00e0ng Tupperware tr\u00ean to\u00e0n qu\u1ed1c. Phi\u1ebfu ti\u1ebfp nh\u1eadn b\u1ea3o h\u00e0nh b\u1eaft bu\u1ed9c \u0111\u00ednh k\u00e8m s\u1ea3n ph\u1ea9m b\u1ea3o h\u00e0nh khi kh\u00e1ch h\u00e0ng g\u1eedi s\u1ea3n ph\u1ea9m v\u1ec1 trung t\u00e2m b\u1ea3o h\u00e0nh. Phi\u1ebfu ti\u1ebfp nh\u1eadn b\u1ea3o h\u00e0nh c\u1ea7n d\u01b0\u1ee3c ghi r\u00f5 c\u00e1c th\u00f4ng tin bao g\u1ed3m: h\u1ecd t\u00ean, \u0111\u1ecba ch\u1ec9, s\u1ed1 \u0111i\u1ec7n tho\u1ea1i, m\u00f4 t\u1ea3 l\u1ed7i s\u1ea3n ph\u1ea9m.<\/p>\n\n\n\n<p><strong>(**):<\/strong>&nbsp;C\u1eeda h\u00e0ng ti\u1ebfp nh\u1eadn y\u00eau c\u1ea7u b\u1ea3o h\u00e0nh t\u1eeb kh\u00e1ch h\u00e0ng l\u00e0 th\u00e0nh vi\u00ean \u0111\u00e3 \u0111\u0103ng k\u00fd v\u00e0 mua h\u00e0ng t\u1ea1i c\u1eeda h\u00e0ng ti\u1ebfp nh\u1eadn. \u0110\u1ed1i v\u1edbi c\u00e1c tr\u01b0\u1eddng h\u1ee3p kh\u00e1ch h\u00e0ng kh\u00f4ng ph\u1ea3i l\u00e0 th\u00e0nh vi\u00ean v\u00e0 \u0111\u00e3 t\u1eebng mua h\u00e0ng t\u1ea1i c\u1eeda h\u00e0ng ti\u1ebfp nh\u1eadn, c\u1eeda h\u00e0ng c\u00f3 quy\u1ec1n quy\u1ebft \u0111\u1ecbnh ti\u1ebfp nh\u1eadn ho\u1eb7c t\u1eeb ch\u1ed1i ti\u1ebfp nh\u1eadn. Trong tr\u01b0\u1eddng h\u1ee3p t\u1eeb ch\u1ed1i ti\u1ebfp nh\u1eadn, c\u1eeda h\u00e0ng c\u1ea7n th\u00f4ng b\u00e1o v\u1edbi kh\u00e1ch h\u00e0ng v\u1ec1 vi\u1ec7c g\u1eedi h\u00e0ng b\u1ea3o h\u00e0nh v\u1ec1 n\u01a1i \u0111\u00e3 \u0111\u0103ng k\u00ed th\u00e0nh vi\u00ean v\u00e0 mua h\u00e0ng ho\u1eb7c g\u1eedi k\u00e8m phi\u1ebfu ti\u1ebfp nh\u1eadn b\u1ea3o h\u00e0nh c\u00f9ng s\u1ea3n ph\u1ea9m b\u1ea3o h\u00e0nh v\u1ec1 \u0111\u1ecba ch\u1ec9 ti\u1ebfp nh\u1eadn b\u1ea3o h\u00e0nh \u0111\u1ec3 y\u00eau c\u1ea7u b\u1ea3o h\u00e0nh.<\/p>\n\n\n\n<h2 class=\"wp-block-heading\">C\u00e1c tr\u01b0\u1eddng h\u1ee3p \u00e1p d\u1ee5ng b\u1ea3o h\u00e0nh<\/h2>\n\n\n\n<p><em>&nbsp; &nbsp; &nbsp; &nbsp; &nbsp; &nbsp;\u00c1p d\u1ee5ng cho c\u00e1c s\u1ea3n ph\u1ea9m thu\u1ed9c ch\u1ebf \u0111\u1ed9 b\u1ea3o h\u00e0nh tr\u1ecdn v\u00f2ng \u0111\u1eddi<\/em><\/p>\n\n\n\n<ul class=\"wp-block-list\"><li>S\u1ea3n ph\u1ea9m ho\u1eb7c b\u1ed9 ph\u1eadn s\u1ea3n ph\u1ea9m b\u1ecb cong v\u1eb9o<\/li><li>S\u1ea3n ph\u1ea9m ho\u1eb7c b\u1ed9 ph\u1eadn s\u1ea3n ph\u1ea9m b\u1ecb bong tr\u00f3c l\u1edbp nh\u1ef1a tr\u00ean b\u1ec1 m\u1eb7t<\/li><li>Th\u00e2n s\u1ea3n ph\u1ea9m b\u1ecb r\u1ea1n n\u1ee9t trong qu\u00e1 tr\u00ecnh s\u1eed d\u1ee5ng th\u00f4ng th\u01b0\u1eddng v\u00e0 kh\u00f4ng c\u00f3 d\u1ea5u hi\u1ec7u c\u1ed1 \u00fd l\u00e0m h\u01b0 h\u1ecfng s\u1ea3n ph\u1ea9m<\/li><li>N\u1eafp s\u1ea3n ph\u1ea9m b\u1ecb r\u00e1ch ho\u1eb7c b\u1ecb ch\u1ebb \u0111\u00f4i t\u1ea1i v\u00e0nh n\u1eafp<\/li><\/ul>\n\n\n\n<h2 class=\"wp-block-heading\">C\u00e1c tr\u01b0\u1eddng h\u1ee3p kh\u00f4ng \u00e1p d\u1ee5ng b\u1ea3o h\u00e0nh<\/h2>\n\n\n\n<p><em>&nbsp; &nbsp; &nbsp; &nbsp; &nbsp;\u00c1p d\u1ee5ng cho c\u00e1c s\u1ea3n ph\u1ea9m thu\u1ed9c ch\u1ebf \u0111\u1ed9 b\u1ea3o h\u00e0nh tr\u1ecdn v\u00f2ng \u0111\u1eddi<\/em><\/p>\n\n\n\n<ul class=\"wp-block-list\"><li>Tr\u1ea7y x\u01b0\u1edbt trong qu\u00e1 tr\u00ecnh s\u1eed d\u1ee5ng th\u00f4ng th\u01b0\u1eddng<\/li><li>B\u00e1m m\u00e0u th\u1ef1c ph\u1ea9m<\/li><li>Ch\u00e1y ho\u1eb7c b\u1ecb bi\u1ebfn d\u1ea1ng do ti\u1ebfp x\u00fac v\u1edbi l\u1eeda, nhi\u1ec7t ho\u1eb7c v\u1eadt n\u00f3ng<\/li><li>Ph\u1ed3ng r\u1ed9p khi s\u1eed d\u1ee5ng trong l\u00f2 vi s\u00f3ng khi h\u00e2m n\u00f3ng c\u00e1c lo\u1ea1i th\u1ef1c ph\u1ea9m c\u00f3 d\u1ea7u m\u1ee1<\/li><li>V\u1ee1 n\u00e1t ho\u1eb7c v\u1ee1 ph\u00e2n m\u1ea3nh khi b\u1ecb r\u01a1i xu\u1ed1ng \u0111\u1ea5t ho\u1eb7c b\u1ecb t\u00e1c \u0111\u1ed9ng b\u1edfi c\u00e1c v\u1eadt c\u1ee9ng<\/li><li>C\u1eafn b\u1edfi \u0111\u1ed9ng v\u1eadt<\/li><li>C\u1eaft b\u1edfi v\u1eadt s\u1eafc nh\u1ecdn<\/li><li>H\u01b0 h\u1ecfng, m\u1ea5t m\u00e1t do s\u1eed d\u1ee5ng v\u00e0 v\u1ec7 sinh kh\u00f4ng theo h\u01b0\u1edbng d\u1eabn s\u1eed d\u1ee5ng<\/li><li>C\u00e1c h\u00ecnh \u1ea3nh trang tr\u00ed ho\u1eb7c c\u00e1c thang \u0111o dung t\u00edch \u0111\u01b0\u1ee3c in \u1ea5n tr\u00ean b\u1ec1 m\u1eb7t s\u1ea3n ph\u1ea9m b\u1ecb phai m\u1edd<\/li><li>C\u00e1c ph\u1ee5 ki\u1ec7n \u0111i k\u00e8m s\u1ea3n ph\u1ea9m nh\u01b0 t\u00fai x\u00e1ch, d\u00e2y \u0111eo, t\u00fai \u0111\u1ef1ng ch\u1ed1ng s\u1ed1c, ch\u1ed1ng tr\u1ea7y<\/li><\/ul>\n\n\n\n<p><em><strong>** T\u1ea5t c\u1ea3 c\u00e1c tr\u01b0\u1eddng h\u1ee3p b\u1ea3o h\u00e0nh \u0111\u1ec1u \u0111\u01b0\u1ee3c ki\u1ec3m tra v\u00e0 ph\u1ea3n h\u1ed3i b\u1edfi Tupperware Vi\u1ec7t Nam<\/strong><\/em><\/p>\n","protected":false},"excerpt":{"rendered":"<p>Qui \u0111\u1ecbnh v\u1ec1 ph\u1ea1m vi b\u1ea3o h\u00e0nh c\u00e1c s\u1ea3n ph\u1ea9m Tupperware \u0110\u1ecbnh ngh\u0129a 1. B\u1ea3o h\u00e0nh tr\u1ecdn v\u00f2ng \u0111\u1eddi (Lifetime Warranty):&nbsp;B\u1ea3o h\u00e0nh \u00e1p d\u1ee5ng \u0111\u1ed1i v\u1edbi s\u1ea3n ph\u1ea9m ho\u1eb7c b\u1ed9 ph\u1eadn c\u1ee7a s\u1ea3n ph\u1ea9m c\u00f3 c\u1ea5u t\u1ea1o b\u1eb1ng nh\u1ef1a (ngo\u1ea1i tr\u1eeb silicone). B\u1ea3o h\u00e0nh n\u00e0y s\u1ebd \u0111\u01b0\u1ee3c \u00e1p d\u1ee5ng trong su\u1ed1t qu\u00e1 tr\u00ecnh s\u1eed d\u1ee5ng &hellip; <a href=\"https:\/\/tiemtaphoa.xyz\/index.php\/chinh-sach-bao-hanh\/\" class=\"more-link\">Continue reading <span class=\"screen-reader-text\">Ch\u00ednh s\u00e1ch b\u1ea3o h\u00e0nh<\/span><\/a><\/p>\n","protected":false},"author":1,"featured_media":0,"parent":0,"menu_order":0,"comment_status":"closed","ping_status":"closed","template":"","meta":{"footnotes":""},"class_list":["post-4951","page","type-page","status-publish","hentry"],"aioseo_notices":[],"_links":{"self":[{"href":"https:\/\/tiemtaphoa.xyz\/index.php\/wp-json\/wp\/v2\/pages\/4951"}],"collection":[{"href":"https:\/\/tiemtaphoa.xyz\/index.php\/wp-json\/wp\/v2\/pages"}],"about":[{"href":"https:\/\/tiemtaphoa.xyz\/index.php\/wp-json\/wp\/v2\/types\/page"}],"author":[{"embeddable":true,"href":"https:\/\/tiemtaphoa.xyz\/index.php\/wp-json\/wp\/v2\/users\/1"}],"replies":[{"embeddable":true,"href":"https:\/\/tiemtaphoa.xyz\/index.php\/wp-json\/wp\/v2\/comments?post=4951"}],"version-history":[{"count":1,"href":"https:\/\/tiemtaphoa.xyz\/index.php\/wp-json\/wp\/v2\/pages\/4951\/revisions"}],"predecessor-version":[{"id":4952,"href":"https:\/\/tiemtaphoa.xyz\/index.php\/wp-json\/wp\/v2\/pages\/4951\/revisions\/4952"}],"wp:attachment":[{"href":"https:\/\/tiemtaphoa.xyz\/index.php\/wp-json\/wp\/v2\/media?parent=4951"}],"curies":[{"name":"wp","href":"https:\/\/api.w.org\/{rel}","templated":true}]}}