{"id":4961,"date":"2022-03-18T16:40:26","date_gmt":"2022-03-18T09:40:26","guid":{"rendered":"http:\/\/tupvietnam.com\/?post_type=product&#038;p=4961"},"modified":"2023-06-06T20:15:12","modified_gmt":"2023-06-06T13:15:12","slug":"bo-hop-bao-quan-thuc-pham-magic-8-hop","status":"publish","type":"product","link":"https:\/\/tiemtaphoa.xyz\/index.php\/product\/bo-hop-bao-quan-thuc-pham-magic-8-hop\/","title":{"rendered":"B\u1ed8 H\u1ed8P B\u1ea2O QU\u1ea2N TH\u1ef0C PH\u1ea8M MAGIC 8 H\u1ed8P"},"content":{"rendered":"<p><strong>D\u00f2ng s\u1ea3n ph\u1ea9m Square Round:<\/strong><\/p>\n<p>&#8211; 2 H\u1ed9p Small Square Round 650ml\/ 12.6 x 12.6 x 6.7cm<\/p>\n<p>&#8211; 2 H\u1ed9p Medium Square Round 1L\/ 12.6 x 12.6 x 9.7cm<\/p>\n<p>&#8211; 2 H\u1ed9p Large Square Round 1.8L\/ 12.6 X 12.6 X 15.8cm<\/p>\n<p><strong>D\u00f2ng s\u1ea3n ph\u1ea9m RoundStax:<\/strong><\/p>\n<p>&#8211; 1 H\u1ed9p RoundStax 950ml\/ \u0110\u01b0\u1eddng k\u00ednh: 17.2cm x Cao 6.6cm<\/p>\n<p>&#8211; 1 H\u1ed9p RoundStax 2.1L\/ \u0110\u01b0\u1eddng k\u00ednh: 17.2cm x Cao 12.7cm<\/p>\n<p>Nhi\u1ec7t \u0111\u1ed9 an to\u00e0n: 0 ~ 80\u2070C&#8221;<\/p>\n<p>&nbsp;<\/p>\n<p><strong>\u01afu \u0111i\u1ec3m v\u00e0 ti\u1ec7n \u00edch:<\/strong><\/p>\n<p>&#8211; Ch\u1ea5t li\u1ec7u nh\u1ef1a nguy\u00ean sinh, an to\u00e0n ti\u1ebfp x\u00fac v\u1edbi th\u1ef1c ph\u1ea9m<\/p>\n<p>&#8211; Ch\u1ea5t li\u1ec7u n\u1eafp d\u1ebbo, gi\u00fap \u0111\u00f3ng m\u1edf d\u1ec5 d\u00e0ng<\/p>\n<p>&#8211; N\u1eafp k\u00edn kh\u00ed, ng\u0103n ch\u1eb7n tho\u00e1t m\u00f9i th\u1ef1c ph\u1ea9m ra ngo\u00e0i. D\u00f2ng h\u1ed9p Roundstax c\u00f3 thi\u1ebft k\u1ebf n\u1eafp k\u00edn n\u01b0\u1edbc, t\u1ed1i \u01b0u khi \u0111\u1ef1ng c\u00e1c lo\u1ea1i th\u1ef1c ph\u1ea9m l\u1ecfng, h\u1ea1n ch\u1ebf t\u00ecnh tr\u1ea1ng b\u1ecb tr\u00e0n, \u0111\u1ed5<\/p>\n<p>&#8211; N\u1eafp h\u1ed9p c\u00f3 g\u1edd m\u1edf thu\u1eadn ti\u1ec7n trong vi\u1ec7c \u0111\u00f3ng m\u1edf h\u1ed9p<\/p>\n<p>&#8211; Thi\u1ebft k\u1ebf d\u1ea1ng m\u00f4-\u0111un c\u00f3 th\u1ec3 x\u1ebfp ch\u1ed3ng, gi\u00fap ti\u1ebft ki\u1ec7m kh\u00f4ng gian l\u01b0u tr\u1eef<\/p>\n<p>&#8211; Ch\u1ea5t li\u1ec7u nh\u1ef1a c\u00f3 b\u1ec1 m\u1eb7t nh\u00e1m tay gi\u00fap c\u1ea7m ch\u1eafc tay h\u01a1n<\/p>\n<p>&nbsp;<\/p>\n<p><strong>C\u00d4NG D\u1ee4NG:<\/strong><\/p>\n<p>&#8211; Ph\u00f9 h\u1ee3p \u0111\u1ef1ng c\u00e1c lo\u1ea1i th\u1ef1c ph\u1ea9m kh\u00f4 nh\u01b0 b\u00e1nh, k\u1eb9o, m\u1ee9t, c\u00e1c lo\u1ea1i th\u1ee9c \u0103n \u0111\u00e3 n\u1ea5u ho\u1eb7c qua s\u01a1 ch\u1ebf,\u2026<\/p>\n<p>&#8211; H\u1ed9p Roundstax c\u00f3 thi\u1ebft k\u1ebf n\u1eafp tr\u00f2n k\u00edn kh\u00ed, k\u00edn n\u01b0\u1edbc, ph\u00f9 h\u1ee3p \u0111\u1ef1ng th\u1ef1c ph\u1ea9m l\u1ecfng nh\u01b0 canh, s\u00fap,&#8230;<\/p>\n<p>&nbsp;<\/p>\n<p><strong>C\u00c1CH B\u1ea2O QU\u1ea2N<\/strong><\/p>\n<p>&#8211; R\u1eeda s\u1ea1ch v\u00e0 \u0111\u1ec3 kh\u00f4 l\u1ea7n \u0111\u1ea7u ti\u00ean s\u1eed d\u1ee5ng<\/p>\n<p>&#8211; Kh\u00f4ng s\u1eed d\u1ee5ng trong l\u00f2 vi s\u00f3ng, m\u00e1y h\u1ea5p ti\u1ec7t tr\u00f9ng<\/p>\n<p>&#8211; Tr\u00e1nh ch\u00f9i r\u1eeda b\u1eb1ng v\u1eadt s\u1eafc nh\u1ecdn<\/p>\n<p>&#8211; Tr\u00e1nh \u0111\u1ef1ng th\u1ef1c ph\u1ea9m nhi\u1ec7t \u0111\u1ed9 cao h\u01a1n 80 \u0366C<\/p>\n<p>&#8211; D\u00f9ng an to\u00e0n trong m\u00e1y r\u1eeda ch\u00e9n d\u01b0\u1edbi 65 \u0366C<\/p>\n<p>&#8211; Kh\u00f4ng ti\u1ebfp x\u00fac ho\u1eb7c \u0111\u1ec3 g\u1ea7n ngu\u1ed3n nhi\u1ec7t \u0111\u1ec3 tr\u00e1nh n\u00f3ng ch\u1ea3y, bi\u1ebfn d\u1ea1ng<\/p>\n<p>&#8211; Vi\u1ec7c s\u1eed d\u1ee5ng s\u1ea3n ph\u1ea9m \u0111\u1ec3 ch\u1ee9a \u0111\u1ef1ng th\u1ef1c ph\u1ea9m \u0111\u1eadm m\u00e0u nh\u01b0 b\u1ed9t \u1edbt, b\u1ed9t ngh\u1ec7&#8230; c\u00f3 th\u1ec3 \u1ea3nh h\u01b0\u1edfng \u0111\u1ebfn ngo\u1ea1i quan c\u1ee7a h\u1ed9p, nh\u01b0ng kh\u00f4ng \u1ea3nh h\u01b0\u1edfng \u0111\u1ebfn ch\u1ee9c n\u0103ng l\u01b0u tr\u1eef c\u1ee7a s\u1ea3n ph\u1ea9m<\/p>\n","protected":false},"excerpt":{"rendered":"<p><strong>D\u00f2ng s\u1ea3n ph\u1ea9m Square Round:<\/strong><\/p>\n<p>&#8211; 2 H\u1ed9p Small Square Round 650ml\/ 12.6 x 12.6 x 6.7cm<\/p>\n<p>&#8211; 2 H\u1ed9p Medium Square Round 1L\/ 12.6 x 12.6 x 9.7cm<\/p>\n<p>&#8211; 2 H\u1ed9p Large Square Round 1.8L\/ 12.6 X 12.6 X 15.8cm<\/p>\n<p><strong>D\u00f2ng s\u1ea3n ph\u1ea9m RoundStax:<\/strong><\/p>\n<p>&#8211; 1 H\u1ed9p RoundStax 950ml\/ \u0110\u01b0\u1eddng k\u00ednh: 17.2cm x Cao 6.6cm<\/p>\n<p>&#8211; 1 H\u1ed9p RoundStax 2.1L\/ \u0110\u01b0\u1eddng k\u00ednh: 17.2cm x Cao 12.7cm<\/p>\n<p>Nhi\u1ec7t \u0111\u1ed9 an to\u00e0n: 0 ~ 80\u2070C&#8221;<\/p>\n","protected":false},"featured_media":4962,"comment_status":"open","ping_status":"closed","template":"","meta":[],"product_cat":[48,36],"product_tag":[93],"class_list":["post-4961","product","type-product","status-publish","has-post-thumbnail","hentry","product_cat-hop-tru-mat-trong-tu-lanh","product_cat-hop-bao-quan-thuc-pham-da-nang","product_tag-hop-bao-quan-thuc-pham"],"aioseo_notices":[],"_links":{"self":[{"href":"https:\/\/tiemtaphoa.xyz\/index.php\/wp-json\/wp\/v2\/product\/4961"}],"collection":[{"href":"https:\/\/tiemtaphoa.xyz\/index.php\/wp-json\/wp\/v2\/product"}],"about":[{"href":"https:\/\/tiemtaphoa.xyz\/index.php\/wp-json\/wp\/v2\/types\/product"}],"replies":[{"embeddable":true,"href":"https:\/\/tiemtaphoa.xyz\/index.php\/wp-json\/wp\/v2\/comments?post=4961"}],"wp:featuredmedia":[{"embeddable":true,"href":"https:\/\/tiemtaphoa.xyz\/index.php\/wp-json\/wp\/v2\/media\/4962"}],"wp:attachment":[{"href":"https:\/\/tiemtaphoa.xyz\/index.php\/wp-json\/wp\/v2\/media?parent=4961"}],"wp:term":[{"taxonomy":"product_cat","embeddable":true,"href":"https:\/\/tiemtaphoa.xyz\/index.php\/wp-json\/wp\/v2\/product_cat?post=4961"},{"taxonomy":"product_tag","embeddable":true,"href":"https:\/\/tiemtaphoa.xyz\/index.php\/wp-json\/wp\/v2\/product_tag?post=4961"}],"curies":[{"name":"wp","href":"https:\/\/api.w.org\/{rel}","templated":true}]}}