{"id":4977,"date":"2022-03-18T19:21:52","date_gmt":"2022-03-18T12:21:52","guid":{"rendered":"http:\/\/tupvietnam.com\/?post_type=product&#038;p=4977"},"modified":"2023-03-23T15:34:13","modified_gmt":"2023-03-23T08:34:13","slug":"bo-hop-tru-dong-tupperware-rainbow-650ml-set-4","status":"publish","type":"product","link":"https:\/\/tiemtaphoa.xyz\/index.php\/product\/bo-hop-tru-dong-tupperware-rainbow-650ml-set-4\/","title":{"rendered":"B\u1ed9 h\u1ed9p tr\u1eef \u0111\u00f4ng Tupperware Rainbow 650ml set 4"},"content":{"rendered":"<p>Bao g\u1ed3m 4 H\u1ed9p tr\u1eef \u0111\u00f4ng Freezermate 650ml (5.1 x 11.3 x 7.7 cm)<\/p>\n<p><strong>\u01afu \u0111i\u1ec3m &amp; Ti\u1ec7n \u00edch:<\/strong><\/p>\n<p>&#8211; \u0110\u01b0\u1ee3c l\u00e0m t\u1eeb nh\u1ef1a nguy\u00ean sinh, an to\u00e0n ti\u1ebfp x\u00fac th\u1ef1c ph\u1ea9m<\/p>\n<p>&#8211; Nhi\u1ec7t \u0111\u1ed9 an to\u00e0n s\u1eed d\u1ee5ng: -20 \u0366C &#8211; 80 \u0366C<\/p>\n<p>&#8211; N\u1eafp k\u00edn kh\u00ed, kh\u00f4ng tho\u00e1t m\u00f9i th\u1ef1c ph\u1ea9m ra ngo\u00e0i, gi\u00fap t\u1ee7 l\u1ea1nh s\u1ea1ch m\u00f9i. Ngo\u00e0i ra, tr\u00e1nh \u0111\u01b0\u1ee3c hi\u1ec7n t\u01b0\u1ee3ng nhi\u1ec5m ch\u00e9o vi khu\u1ea9n v\u00e0 h\u1ea1n ch\u1ebf qu\u00e1 tr\u00ecnh oxy h\u00f3a, gi\u00fap th\u1ef1c ph\u1ea9m t\u01b0\u01a1i m\u00e0u, h\u1ea1n ch\u1ebf \u0111\u00f3ng tuy\u1ebft<\/p>\n<p>&#8211; Thi\u1ebft k\u1ebf h\u1ed9p c\u00f3 th\u1ec3 ch\u1ed3ng l\u00ean nhau, ti\u1ebft ki\u1ec7m kh\u00f4ng gian, gi\u00fap t\u1ee7 l\u1ea1nh g\u1ecdn g\u00e0ng v\u00e0 t\u00ecm ki\u1ebfm th\u1ee9c \u0103n d\u1ec5 d\u00e0ng h\u01a1n<\/p>\n<p>&#8211; Th\u00e2n h\u1ed9p d\u1ebbo gi\u00fap d\u1ec5 t\u00e1ch th\u1ef1c ph\u1ea9m \u0111\u00f4ng l\u1ea1nh ra kh\u1ecfi h\u1ed9p, r\u00e3 \u0111\u00f4ng d\u1ec5 d\u00e0ng<\/p>\n<p>&#8211; Thi\u1ebft k\u1ebf th\u00f4ng minh gi\u00fap kh\u00ed l\u1ea1nh l\u01b0u th\u00f4ng d\u1ec5 d\u00e0ng gi\u1eefa c\u00e1c h\u1ed9p d\u00f9 \u0111ang \u0111\u01b0\u1ee3c x\u1ebfp ch\u1ed3ng, \u0111\u1ea9y nhanh qu\u00e1 tr\u00ecnh l\u00e0m \u0111\u00f4ng th\u1ef1c ph\u1ea9m<\/p>\n<p><strong>L\u01b0u \u00fd:<\/strong><\/p>\n<p>&#8211; Tr\u00e1nh \u0111\u1ef1ng th\u1ef1c ph\u1ea9m nhi\u1ec7t \u0111\u1ed9 cao h\u01a1n 80 \u0366C<\/p>\n<p>&#8211; D\u00f9ng an to\u00e0n trong m\u00e1y r\u1eeda ch\u00e9n (d\u01b0\u1edbi 65\u2070C)<\/p>\n<p>&#8211; Kh\u00f4ng d\u00f9ng \u0111\u01b0\u1ee3c trong l\u00f2 vi s\u00f3ng<\/p>\n<p>&#8211; Kh\u00f4ng ti\u1ebfp x\u00fac ho\u1eb7c \u0111\u1ec3 g\u1ea7n ngu\u1ed3n l\u1eeda \u0111\u1ec3 tr\u00e1nh n\u00f3ng ch\u1ea3y, bi\u1ebfn d\u1ea1ng<\/p>\n<p>&#8211; Tr\u00e1nh ch\u00f9i r\u1eeda b\u1eb1ng v\u1eadt s\u1eafc nh\u1ecdn&#8221;<\/p>\n","protected":false},"excerpt":{"rendered":"<p>Bao g\u1ed3m 4 H\u1ed9p tr\u1eef \u0111\u00f4ng Freezermate 650ml (5.1 x 11.3 x 7.7 cm)<\/p>\n<p><strong>\u01afu \u0111i\u1ec3m &amp; Ti\u1ec7n \u00edch:<\/strong><\/p>\n<p>&#8211; \u0110\u01b0\u1ee3c l\u00e0m t\u1eeb nh\u1ef1a nguy\u00ean sinh, an to\u00e0n ti\u1ebfp x\u00fac th\u1ef1c ph\u1ea9m<\/p>\n<p>&#8211; Nhi\u1ec7t \u0111\u1ed9 an to\u00e0n s\u1eed d\u1ee5ng: -20 \u0366C &#8211; 80 \u0366C<\/p>\n<p>&#8211; N\u1eafp k\u00edn kh\u00ed, kh\u00f4ng tho\u00e1t m\u00f9i th\u1ef1c ph\u1ea9m ra ngo\u00e0i, gi\u00fap t\u1ee7 l\u1ea1nh s\u1ea1ch m\u00f9i. Ngo\u00e0i ra, tr\u00e1nh \u0111\u01b0\u1ee3c hi\u1ec7n t\u01b0\u1ee3ng nhi\u1ec5m ch\u00e9o vi khu\u1ea9n v\u00e0 h\u1ea1n ch\u1ebf qu\u00e1 tr\u00ecnh oxy h\u00f3a, gi\u00fap th\u1ef1c ph\u1ea9m t\u01b0\u01a1i m\u00e0u, h\u1ea1n ch\u1ebf \u0111\u00f3ng tuy\u1ebft<\/p>\n<p>&#8211; Thi\u1ebft k\u1ebf h\u1ed9p c\u00f3 th\u1ec3 ch\u1ed3ng l\u00ean nhau, ti\u1ebft ki\u1ec7m kh\u00f4ng gian, gi\u00fap t\u1ee7 l\u1ea1nh g\u1ecdn g\u00e0ng v\u00e0 t\u00ecm ki\u1ebfm th\u1ee9c \u0103n d\u1ec5 d\u00e0ng h\u01a1n<\/p>\n<p>&#8211; Th\u00e2n h\u1ed9p d\u1ebbo gi\u00fap d\u1ec5 t\u00e1ch th\u1ef1c ph\u1ea9m \u0111\u00f4ng l\u1ea1nh ra kh\u1ecfi h\u1ed9p, r\u00e3 \u0111\u00f4ng d\u1ec5 d\u00e0ng<\/p>\n<p>&#8211; Thi\u1ebft k\u1ebf th\u00f4ng minh gi\u00fap kh\u00ed l\u1ea1nh l\u01b0u th\u00f4ng d\u1ec5 d\u00e0ng gi\u1eefa c\u00e1c h\u1ed9p d\u00f9 \u0111ang \u0111\u01b0\u1ee3c x\u1ebfp ch\u1ed3ng, \u0111\u1ea9y nhanh qu\u00e1 tr\u00ecnh l\u00e0m \u0111\u00f4ng th\u1ef1c ph\u1ea9m<\/p>\n","protected":false},"featured_media":4978,"comment_status":"open","ping_status":"closed","template":"","meta":[],"product_cat":[35],"product_tag":[110],"class_list":["post-4977","product","type-product","status-publish","has-post-thumbnail","hentry","product_cat-hop-tru-dong-trong-tu-lanh","product_tag-bo-hop-dong-650ml"],"aioseo_notices":[],"_links":{"self":[{"href":"https:\/\/tiemtaphoa.xyz\/index.php\/wp-json\/wp\/v2\/product\/4977"}],"collection":[{"href":"https:\/\/tiemtaphoa.xyz\/index.php\/wp-json\/wp\/v2\/product"}],"about":[{"href":"https:\/\/tiemtaphoa.xyz\/index.php\/wp-json\/wp\/v2\/types\/product"}],"replies":[{"embeddable":true,"href":"https:\/\/tiemtaphoa.xyz\/index.php\/wp-json\/wp\/v2\/comments?post=4977"}],"wp:featuredmedia":[{"embeddable":true,"href":"https:\/\/tiemtaphoa.xyz\/index.php\/wp-json\/wp\/v2\/media\/4978"}],"wp:attachment":[{"href":"https:\/\/tiemtaphoa.xyz\/index.php\/wp-json\/wp\/v2\/media?parent=4977"}],"wp:term":[{"taxonomy":"product_cat","embeddable":true,"href":"https:\/\/tiemtaphoa.xyz\/index.php\/wp-json\/wp\/v2\/product_cat?post=4977"},{"taxonomy":"product_tag","embeddable":true,"href":"https:\/\/tiemtaphoa.xyz\/index.php\/wp-json\/wp\/v2\/product_tag?post=4977"}],"curies":[{"name":"wp","href":"https:\/\/api.w.org\/{rel}","templated":true}]}}