{"id":5010,"date":"2022-03-20T22:09:31","date_gmt":"2022-03-20T15:09:31","guid":{"rendered":"http:\/\/tupvietnam.com\/?post_type=product&#038;p=5010"},"modified":"2023-03-20T05:42:59","modified_gmt":"2023-03-19T22:42:59","slug":"thung-gao-rice-smart-aqua-10kg","status":"publish","type":"product","link":"https:\/\/tiemtaphoa.xyz\/index.php\/product\/thung-gao-rice-smart-aqua-10kg\/","title":{"rendered":"Th\u00f9ng G\u1ea1o Rice Smart Aqua 10kg"},"content":{"rendered":"<h2 class=\"desktop-only\" data-initialized=\"true\">Th\u00f9ng G\u1ea1o Rice Smart Aqua 10kg<\/h2>\n<div class=\"text short\">\n<p><strong>Gi\u00e1: 1.620.000 VN\u0110\/ c\u00e1i<\/strong><\/p>\n<p>Dung t\u00edch: 10kg<\/p>\n<p>K\u00edch th\u01b0\u1edbc: 39.4 x 18.8 x 38cm<\/p>\n<p>Kh\u1ea3 n\u0103ng ch\u1ecbu nhi\u1ec7t: 0 \u2013 80 \u0366 C<\/p>\n<p>&nbsp;<\/p>\n<p><strong>\u01afu \u0111i\u1ec3m v\u00e0 ti\u1ec7n \u00edch:<\/strong><\/p>\n<p>&#8211; Ch\u1ea5t li\u1ec7u nh\u1ef1a nguy\u00ean sinh, an to\u00e0n ti\u1ebfp x\u00fac v\u1edbi th\u1ef1c ph\u1ea9m<\/p>\n<p>&#8211; Thi\u1ebft k\u1ebf kh\u1ed1i ch\u1eafc ch\u1eafn v\u00e0 g\u1ecdn g\u00e0ng, ph\u00f9 h\u1ee3p v\u1edbi m\u1ecdi gian b\u1ebfp<\/p>\n<p>&#8211; Thi\u1ebft k\u1ebf c\u1eeda s\u1ed5 m\u1eb7t tr\u01b0\u1edbc nh\u1ef1a trong, gi\u00fap d\u1ec5 d\u00e0ng nh\u00ecn th\u1ea5y m\u1ee9c g\u1ea1o \u0111\u01b0\u1ee3c ch\u1ee9a b\u00ean trong<\/p>\n<p>&#8211; Nguy\u00ean l\u00fd l\u1ea5y g\u1ea1o tu\u1ea7n ho\u00e0n v\u00e0o tr\u01b0\u1edbc \u2013 ra tr\u01b0\u1edbc (First in \u2013 First out), gi\u00fap g\u1ea1o trong th\u00f9ng lu\u00f4n t\u01b0\u01a1i m\u1edbi<\/p>\n<p><strong>C\u00f4ng d\u1ee5ng:<\/strong><\/p>\n<p>&#8211; V\u1edbi dung t\u00edch 10kg, s\u1ea3n ph\u1ea9m th\u00f9ng g\u1ea1o Rice Smart l\u00e0 c\u00f4ng c\u1ee5 b\u1ea3o qu\u1ea3n g\u1ea1o hi\u1ec7u qu\u1ea3, gi\u00fap g\u1ea1o lu\u00f4n th\u01a1m ngon, t\u01b0\u01a1i m\u1edbi<\/p>\n<p><strong>C\u00e1ch s\u1eed d\u1ee5ng:<\/strong><\/p>\n<p>&#8211; B\u01b0\u1edbc 1: K\u00e9o nh\u1eb9 th\u1ebb (ph\u00eda tr\u00ean ng\u0103n ch\u1ee9a) gi\u00fap g\u1ea1o r\u1edbt xu\u1ed1ng ng\u0103n ch\u1ee9a<\/p>\n<p>&#8211; B\u01b0\u1edbc 2: \u1ea4n th\u1ebb \u0111\u1ec3 \u0111\u00f3ng th\u1ebb l\u1ea1i<\/p>\n<p>&#8211; B\u01b0\u1edbc 3: K\u00e9o ng\u0103n ch\u1ee9a ra \u0111\u1ec3 l\u1ea5y g\u1ea1o<\/p>\n<p>*1 l\u1ea7n k\u00e9o th\u1ebb = 150gr g\u1ea1o<\/p>\n<p>*Dung t\u00edch c\u1ee7a ng\u0103n ch\u1ee9a l\u00e0 450gr, t\u01b0\u01a1ng \u0111\u01b0\u01a1ng 3 l\u1ea7n k\u00e9o th\u1ebb<\/p>\n<p><strong>C\u00e1ch b\u1ea3o qu\u1ea3n:<\/strong><\/p>\n<p>&#8211; R\u1eeda s\u1ea1ch v\u00e0 \u0111\u1ec3 kh\u00f4 th\u00f9ng g\u1ea1o l\u1ea7n \u0111\u1ea7u ti\u00ean s\u1eed d\u1ee5ng<\/p>\n<p>&#8211; B\u1ea3o qu\u1ea3n th\u00f9ng g\u1ea1o n\u01a1i kh\u00f4 tho\u00e1ng, s\u1ea1ch s\u1ebd<\/p>\n<p>*** B\u1ea3o h\u00e0nh tr\u1ecdn v\u00f2ng \u0111\u1eddi s\u1ea3n ph\u1ea9m theo ch\u00ednh s\u00e1ch c\u1ee7a Tupperware Vi\u1ec7t Nam<\/p>\n<\/div>\n","protected":false},"excerpt":{"rendered":"<p><strong>\u01afu \u0111i\u1ec3m v\u00e0 ti\u1ec7n \u00edch:<\/strong><\/p>\n<p>&#8211; Ch\u1ea5t li\u1ec7u nh\u1ef1a nguy\u00ean sinh, an to\u00e0n ti\u1ebfp x\u00fac v\u1edbi th\u1ef1c ph\u1ea9m<\/p>\n<p>&#8211; Thi\u1ebft k\u1ebf kh\u1ed1i ch\u1eafc ch\u1eafn v\u00e0 g\u1ecdn g\u00e0ng, ph\u00f9 h\u1ee3p v\u1edbi m\u1ecdi gian b\u1ebfp<\/p>\n<p>&#8211; Thi\u1ebft k\u1ebf c\u1eeda s\u1ed5 m\u1eb7t tr\u01b0\u1edbc nh\u1ef1a trong, gi\u00fap d\u1ec5 d\u00e0ng nh\u00ecn th\u1ea5y m\u1ee9c g\u1ea1o \u0111\u01b0\u1ee3c ch\u1ee9a b\u00ean trong<\/p>\n<p>&#8211; Nguy\u00ean l\u00fd l\u1ea5y g\u1ea1o tu\u1ea7n ho\u00e0n v\u00e0o tr\u01b0\u1edbc \u2013 ra tr\u01b0\u1edbc (First in \u2013 First out), gi\u00fap g\u1ea1o trong th\u00f9ng lu\u00f4n t\u01b0\u01a1i m\u1edbi<\/p>\n","protected":false},"featured_media":5013,"comment_status":"open","ping_status":"closed","template":"","meta":[],"product_cat":[86],"product_tag":[117],"class_list":["post-5010","product","type-product","status-publish","has-post-thumbnail","hentry","product_cat-cac-san-pham-khac","product_tag-thung-gao"],"aioseo_notices":[],"_links":{"self":[{"href":"https:\/\/tiemtaphoa.xyz\/index.php\/wp-json\/wp\/v2\/product\/5010"}],"collection":[{"href":"https:\/\/tiemtaphoa.xyz\/index.php\/wp-json\/wp\/v2\/product"}],"about":[{"href":"https:\/\/tiemtaphoa.xyz\/index.php\/wp-json\/wp\/v2\/types\/product"}],"replies":[{"embeddable":true,"href":"https:\/\/tiemtaphoa.xyz\/index.php\/wp-json\/wp\/v2\/comments?post=5010"}],"wp:featuredmedia":[{"embeddable":true,"href":"https:\/\/tiemtaphoa.xyz\/index.php\/wp-json\/wp\/v2\/media\/5013"}],"wp:attachment":[{"href":"https:\/\/tiemtaphoa.xyz\/index.php\/wp-json\/wp\/v2\/media?parent=5010"}],"wp:term":[{"taxonomy":"product_cat","embeddable":true,"href":"https:\/\/tiemtaphoa.xyz\/index.php\/wp-json\/wp\/v2\/product_cat?post=5010"},{"taxonomy":"product_tag","embeddable":true,"href":"https:\/\/tiemtaphoa.xyz\/index.php\/wp-json\/wp\/v2\/product_tag?post=5010"}],"curies":[{"name":"wp","href":"https:\/\/api.w.org\/{rel}","templated":true}]}}