{"id":5130,"date":"2022-05-07T08:56:07","date_gmt":"2022-05-07T01:56:07","guid":{"rendered":"http:\/\/tupvietnam.com\/?post_type=product&#038;p=5130"},"modified":"2023-03-20T03:47:12","modified_gmt":"2023-03-19T20:47:12","slug":"dung-cu-bao-thuc-pham-tupperware-speedy-mando","status":"publish","type":"product","link":"https:\/\/tiemtaphoa.xyz\/index.php\/product\/dung-cu-bao-thuc-pham-tupperware-speedy-mando\/","title":{"rendered":"D\u1ee5ng c\u1ee5 b\u00e0o th\u1ef1c ph\u1ea9m Tupperware Speedy Mando"},"content":{"rendered":"<p><strong>Gi\u00e1: 670.000 VN\u0110\/ b\u1ed9<\/strong><\/p>\n<p>K\u00edch th\u01b0\u1edbc: 25 x 9 x 7cm<\/p>\n<p>Nhi\u1ec7t \u0111\u1ed9 an to\u00e0n: 0 ~ 80\u2070C<\/p>\n<p>&nbsp;<\/p>\n<p><strong>\u01afu \u0111i\u1ec3m v\u00e0 ti\u1ec7n \u00edch:<\/strong><\/p>\n<p>&#8211; L\u01b0\u1ee1i dao s\u1eafc c\u1ea3 hai chi\u1ec1u. V\u1edbi m\u1ed7i chuy\u1ec3n \u0111\u1ed9ng c\u1ee7a h\u1ed9c ch\u1ee9a th\u1ef1c ph\u1ea9m v\u00e0 p\u00edt-t\u00f4ng, nguy\u00ean li\u1ec7u s\u1ebd \u0111\u01b0\u1ee3c b\u00e0o l\u00e1t m\u1ecfng.<\/p>\n<p>&#8211; Thi\u1ebft k\u1ebf nh\u1ecf g\u1ecdn v\u00e0 ch\u00e2n ch\u1ed1ng tr\u01b0\u1ee3t gi\u00fap d\u1ee5ng c\u1ee5 \u1ed5n \u0111\u1ecbnh v\u00e0 s\u1eed d\u1ee5ng an to\u00e0n tr\u00ean m\u1eb7t b\u00e0n<\/p>\n<p>&#8211; H\u1ed9c ch\u1ee9a th\u1ef1c ph\u1ea9m v\u00e0 p\u00edt t\u00f4ng gi\u1eef c\u00e1c nguy\u00ean li\u1ec7u c\u00f3 k\u00edch th\u01b0\u1edbc nh\u1ecf gi\u00fap d\u1ec5 d\u00e0ng c\u1eaft\u00a0 b\u1eb1ng c\u00e1ch tr\u01b0\u1ee3t l\u00ean v\u00e0 xu\u1ed1ng khung. H\u1ed9c ch\u1ee9a \u0111\u01b0\u1ee3c thi\u1ebft k\u1ebf v\u1eeba v\u1eb7n v\u1edbi khung th\u00e2n d\u1ee5ng c\u1ee5 \u0111\u1ea3m b\u1ea3o an to\u00e0n v\u00e0 gi\u00fap c\u00e1c ng\u00f3n tay \u0111\u01b0\u1ee3c ngh\u1ec9 ng\u01a1i, tho\u1ea3i m\u00e1i khi s\u1eed d\u1ee5ng<\/p>\n<p>&#8211; Thi\u1ebft k\u1ebf c\u00e1c \u0111\u01b0\u1eddng r\u00e3nh tr\u00ean th\u00e2n d\u1ee5ng c\u1ee5 gi\u00fap gi\u1ea3m ma s\u00e1t gi\u1eefa th\u00e2n v\u00e0 nguy\u00ean li\u1ec7u khi b\u00e0o<\/p>\n<p>&#8211; Thi\u1ebft k\u1ebf r\u0103ng c\u01b0a m\u1eb7t th\u00e2n sau gi\u00fap d\u1ec5 d\u00e0ng s\u1eed d\u1ee5ng tr\u00ean c\u00e1c lo\u1ea1i t\u00f4 c\u00f3 k\u00edch th\u01b0\u1edbc kh\u00e1c nhau.<\/p>\n<p><strong>C\u00e1ch s\u1eed d\u1ee5ng:<\/strong><\/p>\n<p>&#8211; S\u1eed d\u1ee5ng Speedy Mando tr\u00ean m\u1eb7t b\u00e0n, t\u00f4 ho\u1eb7c \u0111\u0129a<\/p>\n<p>&#8211; Gi\u1eef Speedy Mando b\u1eb1ng tay c\u1ea7m v\u1edbi m\u1ed9t tay<\/p>\n<p>&#8211; Tr\u01b0\u1ee3t h\u1ed9c ch\u1ee9a th\u1ef1c ph\u1ea9m \u0111\u1ebfn m\u1ed9t trong hai \u0111\u1ea7u c\u1ee7a th\u00e2n<\/p>\n<p>&#8211; \u0110\u1eb7t c\u00e1c nguy\u00ean li\u1ec7u v\u00e0o trong h\u1ed9c ch\u1ee9a th\u1ef1c ph\u1ea9m. N\u1ebfu nguy\u00ean li\u1ec7u qu\u00e1 d\u00e0i, h\u00e3y c\u1eaft \u0111\u1ec3 v\u1eeba v\u1edbi h\u1ed9c ch\u1ee9a<\/p>\n<p>&#8211; \u0110\u1eb7t p\u00edt-t\u00f4ng l\u00ean tr\u00ean, \u1edf v\u1ecb tr\u00ed \u0111\u00e3 m\u1edf kh\u00f3a<\/p>\n<p>&#8211; Tr\u01b0\u1ee3t p\u00edt-t\u00f4ng v\u00e0 h\u1ed9c ch\u1ee9a th\u1ef1c ph\u1ea9m l\u00ean xu\u1ed1ng theo chi\u1ec1u d\u00e0i c\u1ee7a th\u00e2n \u0111\u1ec3 b\u00e0o th\u1ef1c ph\u1ea9m<\/p>\n<p>&#8211; Khi kh\u00f4ng s\u1eed d\u1ee5ng, lu\u00f4n kh\u00f3a Speedy Mando<\/p>\n<p><strong>C\u00e1ch b\u1ea3o qu\u1ea3n:<\/strong><\/p>\n<p>&#8211; R\u1eeda s\u1ea1ch l\u01b0\u1ee1i dao v\u00e0 v\u1ec7 sinh s\u1ea3n ph\u1ea9m ngay sau khi s\u1eed d\u1ee5ng<\/p>\n<p>&#8211; Th\u00e1o r\u1eddi p\u00edt t\u00f4ng v\u00e0 h\u1ed9c \u0111\u1ef1ng th\u1ef1c ph\u1ea9m ra kh\u1ecfi s\u1ea3n ph\u1ea9m<\/p>\n<p>&#8211; Th\u1eadn tr\u1ecdng khi v\u1ec7 sinh l\u01b0\u1ee1i dao. Khi r\u1eeda s\u1ea3n ph\u1ea9m b\u1eb1ng tay, n\u00ean s\u1eed d\u1ee5ng b\u00e0n ch\u1ea3i \u0111\u1ec3 tr\u00e1nh ti\u1ebfp x\u00fac v\u1edbi l\u01b0\u1ee1i dao<\/p>\n<p>&#8211; S\u1ea3n ph\u1ea9m d\u00f9ng an to\u00e0n trong m\u00e1y r\u1eeda ch\u00e9n d\u01b0\u1edbi 65 \u0111\u1ed9 C. Tuy nhi\u00ean, v\u1ec7 sinh s\u1ea3n ph\u1ea9m b\u1eb1ng tay gi\u00fap k\u00e9o d\u00e0i tu\u1ed5i th\u1ecd c\u1ee7a s\u1ea3n ph\u1ea9m<\/p>\n<p>&#8211; Sau khi v\u1ec7 sinh, ch\u1edd s\u1ea3n ph\u1ea9m kh\u00f4 r\u1ed3i l\u1eafp l\u1ea1i c\u00e1c b\u1ed9 ph\u1eadn v\u00e0 b\u1ea3o qu\u1ea3n \u1edf v\u1ecb tr\u00ed kh\u00f3a<\/p>\n<p><strong>L\u01b0u \u00fd:<\/strong><\/p>\n<p>&#8211; Tuy\u1ec7t \u0111\u1ed1i kh\u00f4ng \u0111\u1ec3 l\u01b0\u1ee1i dao ti\u1ebfp x\u00fac v\u1edbi c\u00e1c v\u1eadt d\u1ee5ng kim lo\u1ea1i, g\u1ed1m ho\u1eb7c th\u1ee7y tinh \u0111\u1ec3 tr\u00e1nh l\u00e0m m\u00f2n l\u01b0\u1ee1i dao<\/p>\n<p>&#8211; Tuy\u1ec7t \u0111\u1ed1i kh\u00f4ng s\u1eed d\u1ee5ng s\u1ea3n ph\u1ea9m khi kh\u00f4ng c\u00f3 h\u1ed9c ch\u1ee9a v\u00e0 p\u00edt t\u00f4ng<\/p>\n<p>&#8211; Khi kh\u00f4ng c\u00f3 nhu c\u1ea7u s\u1eed d\u1ee5ng, lu\u00f4n b\u1ea3o qu\u1ea3n s\u1ea3n ph\u1ea9m \u1edf v\u1ecb tr\u00ed kh\u00f3a.<\/p>\n<p>&#8211; N\u1ebfu s\u1ea3n ph\u1ea9m b\u1ecb r\u01a1i, tuy\u1ec7t \u0111\u1ed1i kh\u00f4ng c\u1ed1 g\u1eafng ch\u1ee5p l\u1ea5y s\u1ea3n ph\u1ea9m khi \u0111ang r\u01a1i v\u00ec \u0111i\u1ec1u n\u00e0y c\u00f3 th\u1ec3 g\u00e2y th\u01b0\u01a1ng t\u00edch<\/p>\n<p>&#8211; Lu\u00f4n \u0111\u1ec3 s\u1ea3n ph\u1ea9m tr\u00e1nh xa t\u1ea7m tay c\u1ee7a tr\u1ebb em<\/p>\n","protected":false},"excerpt":{"rendered":"<p>&#8211; L\u01b0\u1ee1i dao s\u1eafc c\u1ea3 hai chi\u1ec1u. V\u1edbi m\u1ed7i chuy\u1ec3n \u0111\u1ed9ng c\u1ee7a h\u1ed9c ch\u1ee9a th\u1ef1c ph\u1ea9m v\u00e0 p\u00edt-t\u00f4ng, nguy\u00ean li\u1ec7u s\u1ebd \u0111\u01b0\u1ee3c b\u00e0o l\u00e1t m\u1ecfng.<\/p>\n<p>&#8211; Thi\u1ebft k\u1ebf nh\u1ecf g\u1ecdn v\u00e0 ch\u00e2n ch\u1ed1ng tr\u01b0\u1ee3t gi\u00fap d\u1ee5ng c\u1ee5 \u1ed5n \u0111\u1ecbnh v\u00e0 s\u1eed d\u1ee5ng an to\u00e0n tr\u00ean m\u1eb7t b\u00e0n<\/p>\n<p>&#8211; H\u1ed9c ch\u1ee9a th\u1ef1c ph\u1ea9m v\u00e0 p\u00edt t\u00f4ng gi\u1eef c\u00e1c nguy\u00ean li\u1ec7u c\u00f3 k\u00edch th\u01b0\u1edbc nh\u1ecf gi\u00fap d\u1ec5 d\u00e0ng c\u1eaft\u00a0 b\u1eb1ng c\u00e1ch tr\u01b0\u1ee3t l\u00ean v\u00e0 xu\u1ed1ng khung. H\u1ed9c ch\u1ee9a \u0111\u01b0\u1ee3c thi\u1ebft k\u1ebf v\u1eeba v\u1eb7n v\u1edbi khung th\u00e2n d\u1ee5ng c\u1ee5 \u0111\u1ea3m b\u1ea3o an to\u00e0n v\u00e0 gi\u00fap c\u00e1c ng\u00f3n tay \u0111\u01b0\u1ee3c ngh\u1ec9 ng\u01a1i, tho\u1ea3i m\u00e1i khi s\u1eed d\u1ee5ng<\/p>\n<p>&#8211; Thi\u1ebft k\u1ebf c\u00e1c \u0111\u01b0\u1eddng r\u00e3nh tr\u00ean th\u00e2n d\u1ee5ng c\u1ee5 gi\u00fap gi\u1ea3m ma s\u00e1t gi\u1eefa th\u00e2n v\u00e0 nguy\u00ean li\u1ec7u khi b\u00e0o<\/p>\n<p>&#8211; Thi\u1ebft k\u1ebf r\u0103ng c\u01b0a m\u1eb7t th\u00e2n sau gi\u00fap d\u1ec5 d\u00e0ng s\u1eed d\u1ee5ng tr\u00ean c\u00e1c lo\u1ea1i t\u00f4 c\u00f3 k\u00edch th\u01b0\u1edbc kh\u00e1c nhau.<\/p>\n","protected":false},"featured_media":5135,"comment_status":"open","ping_status":"closed","template":"","meta":[],"product_cat":[15,86],"product_tag":[],"class_list":["post-5130","product","type-product","status-publish","has-post-thumbnail","hentry","product_cat-san-pham-moi","product_cat-cac-san-pham-khac"],"aioseo_notices":[],"_links":{"self":[{"href":"https:\/\/tiemtaphoa.xyz\/index.php\/wp-json\/wp\/v2\/product\/5130"}],"collection":[{"href":"https:\/\/tiemtaphoa.xyz\/index.php\/wp-json\/wp\/v2\/product"}],"about":[{"href":"https:\/\/tiemtaphoa.xyz\/index.php\/wp-json\/wp\/v2\/types\/product"}],"replies":[{"embeddable":true,"href":"https:\/\/tiemtaphoa.xyz\/index.php\/wp-json\/wp\/v2\/comments?post=5130"}],"wp:featuredmedia":[{"embeddable":true,"href":"https:\/\/tiemtaphoa.xyz\/index.php\/wp-json\/wp\/v2\/media\/5135"}],"wp:attachment":[{"href":"https:\/\/tiemtaphoa.xyz\/index.php\/wp-json\/wp\/v2\/media?parent=5130"}],"wp:term":[{"taxonomy":"product_cat","embeddable":true,"href":"https:\/\/tiemtaphoa.xyz\/index.php\/wp-json\/wp\/v2\/product_cat?post=5130"},{"taxonomy":"product_tag","embeddable":true,"href":"https:\/\/tiemtaphoa.xyz\/index.php\/wp-json\/wp\/v2\/product_tag?post=5130"}],"curies":[{"name":"wp","href":"https:\/\/api.w.org\/{rel}","templated":true}]}}