{"id":5136,"date":"2022-05-07T09:39:30","date_gmt":"2022-05-07T02:39:30","guid":{"rendered":"http:\/\/tupvietnam.com\/?post_type=product&#038;p=5136"},"modified":"2023-03-16T16:37:45","modified_gmt":"2023-03-16T09:37:45","slug":"noi-t-chef-series-saucepan-2-4l-nap-kinh","status":"publish","type":"product","link":"https:\/\/tiemtaphoa.xyz\/index.php\/product\/noi-t-chef-series-saucepan-2-4l-nap-kinh\/","title":{"rendered":"N\u1ed3i T Chef Series Saucepan 2.4L (n\u1eafp k\u00ednh)"},"content":{"rendered":"<h2 class=\"desktop-only\" data-initialized=\"true\">N\u1ed3i T Chef Series Saucepan 2.4L (n\u1eafp k\u00ednh)<\/h2>\n<div class=\"text short\">\n<p><strong>5.160.000 \u0111\u1ed3ng\/ c\u00e1i<\/strong><\/p>\n<p><strong>Dung t\u00edch:\u00a0<\/strong>2.4L<\/p>\n<p><strong>K\u00edch th\u01b0\u1edbc:<\/strong>\u00a018 x 16.5cm<\/p>\n<p><strong>N\u1eafp:<\/strong>\u00a018cm<\/p>\n<p><strong>\u01afu \u0111i\u1ec3m v\u00e0 ti\u1ec7n \u00edch:<\/strong><\/p>\n<p>&#8211; Thang \u0111o \u0111\u1ecbnh l\u01b0\u1ee3ng \u0111\u01b0\u1ee3c kh\u1eafc b\u1eb1ng laser b\u00ean trong l\u00f2ng n\u1ed3i<\/p>\n<p>&#8211; Tay c\u1ea7m thi\u1ebft k\u1ebf d\u1ea1ng khoen h\u1edf gi\u00fap t\u1ea3n nhi\u1ec7t nhanh, kh\u00f4ng g\u00e2y b\u1ecfng khi c\u1ea7m<\/p>\n<p>&#8211; Thi\u1ebft k\u1ebf \u0111\u1eb9p, sang tr\u1ecdng theo chu\u1ea9n Ch\u00e2u \u00c2u<\/p>\n<p>&#8211; K\u1ebft c\u1ea5u v\u1eadt l\u00fd \u0111\u00e1y 5 l\u1edbp v\u00e0 th\u00e2n 3 l\u1edbp theo c\u00f4ng ngh\u1ec7 \u0111\u1ed9c \u0111\u00e1o T-Technology c\u1ee7a Tupperware:<\/p>\n<p>+ L\u1edbp ngo\u00e0i ph\u1ea7n th\u00e2n l\u00e0m t\u1eeb th\u00e9p kh\u00f4ng g\u1ec9 18\/10 \u0111\u01b0\u1ee3c \u0111\u00e1nh s\u00e1ng b\u00f3ng \u0111\u1ec3 t\u0103ng \u0111\u1ed9 th\u1ea9m m\u1ef9; l\u1edbp ngo\u00e0i ph\u1ea7n \u0111\u00e1y \u0111\u01b0\u1ee3c t\u00edch h\u1ee3p th\u00eam t\u1eeb t\u00ednh \u0111\u1ec3 b\u1ebfp n\u1ea5u \u0111\u01b0\u1ee3c tr\u00ean m\u1ecdi lo\u1ea1i b\u1ebfp<\/p>\n<p>+ L\u1edbp l\u00f5i l\u00e0m t\u1eeb nh\u00f4m cao c\u1ea5p gi\u00fap d\u1eabn nhi\u1ec7t nhanh v\u00e0 t\u1ea3n \u0111\u1ec1u kh\u1eafp b\u1ec1 m\u1eb7t<\/p>\n<p>+ L\u1edbp b\u00ean trong l\u00f2ng n\u1ed3i: l\u00e0m t\u1eeb th\u00e9p kh\u00f4ng g\u1ec9 18\/10 \u0111\u01b0\u1ee3c chia thang \u0111\u1ed9 b\u00ean trong v\u00e0 kh\u00f4ng c\u00f3 l\u1edbp ch\u1ed1ng d\u00ednh, gi\u00fap nhi\u1ec7t lan t\u1ecfa \u0111\u1ec1u kh\u1eafp l\u00f2ng n\u1ed3i v\u00e0 th\u1eddi gian gi\u1eef nhi\u1ec7t l\u00e2u<\/p>\n<p><strong>C\u00f4ng d\u1ee5ng:<\/strong><\/p>\n<p>&#8211; N\u1ea5u c\u1ef1c nhanh, ti\u1ebft ki\u1ec7m th\u1eddi gian v\u00e0 n\u0103ng l\u01b0\u1ee3ng<\/p>\n<p>&#8211; S\u1eed d\u1ee5ng \u00edt d\u1ea7u m\u1ee1<\/p>\n<p>&#8211; Gi\u1eef \u0111\u01b0\u1ee3c t\u1ed1i \u0111a dinh d\u01b0\u1ee1ng v\u00e0 h\u01b0\u01a1ng v\u1ecb<\/p>\n<p>&#8211; Ch\u1ea5t li\u1ec7u th\u00e9p kh\u00f4ng g\u1ec9 18\/10, an to\u00e0n cho s\u1ee9c kh\u1ecfe, b\u1ec1n b\u1ec9 v\u1edbi th\u1eddi gian<\/p>\n<p>*** S\u1eed d\u1ee5ng cho m\u1ecdi lo\u1ea1i b\u1ebfp<\/p>\n<\/div>\n","protected":false},"excerpt":{"rendered":"<p><strong>C\u00f4ng d\u1ee5ng:<\/strong><\/p>\n<p>&#8211; N\u1ea5u c\u1ef1c nhanh, ti\u1ebft ki\u1ec7m th\u1eddi gian v\u00e0 n\u0103ng l\u01b0\u1ee3ng<\/p>\n<p>&#8211; S\u1eed d\u1ee5ng \u00edt d\u1ea7u m\u1ee1<\/p>\n<p>&#8211; Gi\u1eef \u0111\u01b0\u1ee3c t\u1ed1i \u0111a dinh d\u01b0\u1ee1ng v\u00e0 h\u01b0\u01a1ng v\u1ecb<\/p>\n<p>&#8211; bCh\u1ea5t li\u1ec7u th\u00e9p kh\u00f4ng g\u1ec9 18\/10, an to\u00e0n cho s\u1ee9c kh\u1ecfe, b\u1ec1n b\u1ec9 v\u1edbi th\u1eddi gian<\/p>\n","protected":false},"featured_media":5140,"comment_status":"open","ping_status":"closed","template":"","meta":[],"product_cat":[49],"product_tag":[125],"class_list":["post-5136","product","type-product","status-publish","has-post-thumbnail","hentry","product_cat-noi-chao-tupperware-xung-hap","product_tag-noi-tupperware-2-4l"],"aioseo_notices":[],"_links":{"self":[{"href":"https:\/\/tiemtaphoa.xyz\/index.php\/wp-json\/wp\/v2\/product\/5136"}],"collection":[{"href":"https:\/\/tiemtaphoa.xyz\/index.php\/wp-json\/wp\/v2\/product"}],"about":[{"href":"https:\/\/tiemtaphoa.xyz\/index.php\/wp-json\/wp\/v2\/types\/product"}],"replies":[{"embeddable":true,"href":"https:\/\/tiemtaphoa.xyz\/index.php\/wp-json\/wp\/v2\/comments?post=5136"}],"wp:featuredmedia":[{"embeddable":true,"href":"https:\/\/tiemtaphoa.xyz\/index.php\/wp-json\/wp\/v2\/media\/5140"}],"wp:attachment":[{"href":"https:\/\/tiemtaphoa.xyz\/index.php\/wp-json\/wp\/v2\/media?parent=5136"}],"wp:term":[{"taxonomy":"product_cat","embeddable":true,"href":"https:\/\/tiemtaphoa.xyz\/index.php\/wp-json\/wp\/v2\/product_cat?post=5136"},{"taxonomy":"product_tag","embeddable":true,"href":"https:\/\/tiemtaphoa.xyz\/index.php\/wp-json\/wp\/v2\/product_tag?post=5136"}],"curies":[{"name":"wp","href":"https:\/\/api.w.org\/{rel}","templated":true}]}}