{"id":5329,"date":"2023-09-29T07:58:37","date_gmt":"2023-09-29T00:58:37","guid":{"rendered":"https:\/\/webbachhoa.com\/?post_type=product&#038;p=5329"},"modified":"2023-09-29T07:58:37","modified_gmt":"2023-09-29T00:58:37","slug":"la-treo-khong-mui-unscented","status":"publish","type":"product","link":"https:\/\/tiemtaphoa.xyz\/index.php\/product\/la-treo-khong-mui-unscented\/","title":{"rendered":"L\u00e1 treo kh\u00f4ng m\u00f9i (Unscented)"},"content":{"rendered":"<p>L\u00e1 treo\u00a0kh\u00f4ng m\u00f9i Himalaya \u0111\u01b0\u1ee3c c\u1ea5u t\u1ea1o t\u1eeb lo\u1ea1i gi\u1ea5y cao c\u1ea5p \u0111\u01b0\u1ee3c b\u1ed3i nhi\u1ec1u l\u1edbp, c\u00f3 kh\u1ea3 n\u0103ng th\u1ea5m h\u00fat cao. V\u1edbi t\u00e1c d\u1ee5ng v\u1eeba l\u00e0 v\u1eadt trang tr\u00ed \u0111\u1eb9p m\u1eaft ph\u00f9 h\u1ee3p v\u1edbi nhi\u1ec1u kh\u00f4ng gian kh\u00e1c nhau, l\u00e1 treo\u00a0kh\u00f4ng m\u00f9i ch\u00ednh l\u00e0 s\u1ea3n ph\u1ea9m ti\u1ec7n \u00edch gi\u00fap m\u1ecdi ng\u01b0\u1eddi c\u00f3 th\u1ec3 tho\u1ea3i m\u00e1i l\u1ef1a ch\u1ecdn m\u00f9i h\u01b0\u01a1ng y\u00eau th\u00edch c\u1ee7a m\u00ecnh b\u1eb1ng c\u00e1ch t\u1ea9m \u01b0\u1edbp tinh d\u1ea7u l\u00ean l\u00e1 treo.<\/p>\n<h2>Th\u00f4ng tin s\u1ea3n ph\u1ea9m<\/h2>\n<ul>\n<li><strong>Th\u00e0nh ph\u1ea7n c\u1ea5u t\u1ea1o:\u00a0<\/strong>Gi\u1ea5y cao c\u1ea5p<\/li>\n<li><strong>K\u00edch th\u01b0\u1edbc:<\/strong>\u00a067x108mm<\/li>\n<li><strong>C\u00f4ng d\u1ee5ng:<\/strong>\u00a0L\u00e1 treo\u00a0kh\u00f4ng m\u00f9i Himalaya \u0111\u01b0\u1ee3c s\u1eed d\u1ee5ng \u0111\u1ec3 t\u1ea9m \u01b0\u1edbp tinh d\u1ea7u gi\u00fap lan t\u1ecfa h\u01b0\u01a1ng th\u01a1m trong kh\u00f4ng gian s\u1ed1ng<\/li>\n<\/ul>\n<h2>H\u01b0\u1edbng d\u1eabn s\u1eed d\u1ee5ng l\u00e1 treo\u00a0kh\u00f4ng m\u00f9i Himalaya<\/h2>\n<p>L\u1ea5y s\u1ea3n ph\u1ea9m ra kh\u1ecfi bao b\u00ec, t\u1ea9m tinh d\u1ea7u t\u00e1n h\u01b0\u01a1ng\/ N\u01b0\u1edbc hoa xe h\u01a1i v\u00e0o s\u1ea3n ph\u1ea9m v\u00e0 treo \u1edf b\u1ea5t k\u1ef3 v\u1ecb tr\u00ed\u00a0n\u00e0o (B\u00ean trong \u00f4 t\u00f4, t\u1ee7 qu\u1ea7n \u00e1o, \u0111\u1eb7t trong c\u1ed1p xe, treo trong nh\u00e0 v\u1ec7 sinh,..)<\/p>\n<h2>T\u1ea1i sao n\u00ean mua ngay l\u00e1 treo\u00a0kh\u00f4ng m\u00f9i Himalaya?<\/h2>\n<ul>\n<li><strong>Ti\u1ebft ki\u1ec7m chi ph\u00ed:<\/strong>\u00a0V\u1edbi m\u1ed7i l\u1ea7n t\u1ea9m tinh d\u1ea7u t\u00e1n h\u01b0\u01a1ng ho\u1eb7c x\u1ecbt n\u01b0\u1edbc hoa xe h\u01a1i v\u00e0o l\u00e0 treo\u00a0s\u1eed d\u1ee5ng \u0111\u01b0\u1ee3c t\u1eeb 2-4 tu\u1ea7n.<\/li>\n<\/ul>\n<ul>\n<li><strong>Ti\u1ec7n l\u1ee3i khi s\u1eed d\u1ee5ng:\u00a0<\/strong>L\u00e1 treo ph\u00f9 h\u1ee3p cho nh\u1eefng n\u01a1i c\u00f3 kh\u00f4ng gian nh\u1ecf trong nh\u00e0 nh\u01b0 t\u1ee7 qu\u1ea7n \u00e1o, t\u1ee7 gi\u00e0y, tr\u00ean xe \u00f4 t\u00f4, vali, gi\u1ecf x\u00e1ch, trong toilet&#8230; \u0111\u1ec3 m\u1ecdi ng\u00f3c ng\u00e1ch lu\u00f4n c\u00f3 h\u01b0\u01a1ng th\u01a1m.<\/li>\n<li><strong>Ch\u1ea5t li\u1ec7u th\u00e2n thi\u1ec7n v\u1edbi m\u00f4i tr\u01b0\u1eddng:<\/strong>\u00a0L\u00e1 treo\u00a0th\u01b0\u1eddng \u0111\u01b0\u1ee3c l\u00e0m t\u1eeb gi\u1ea5y cao c\u1ea5p th\u00e2n thi\u1ec7n v\u1edbi m\u00f4i tr\u01b0\u1eddng c\u00f3 kh\u1ea3 n\u0103ng th\u1ea5m h\u00fat tinh d\u1ea7u t\u1ed1t.<\/li>\n<\/ul>\n","protected":false},"excerpt":{"rendered":"<p>L\u00e1 treo\u00a0kh\u00f4ng m\u00f9i Himalaya \u0111\u01b0\u1ee3c c\u1ea5u t\u1ea1o t\u1eeb lo\u1ea1i gi\u1ea5y cao c\u1ea5p \u0111\u01b0\u1ee3c b\u1ed3i nhi\u1ec1u l\u1edbp, c\u00f3 kh\u1ea3 n\u0103ng th\u1ea5m h\u00fat cao. V\u1edbi t\u00e1c d\u1ee5ng v\u1eeba l\u00e0 v\u1eadt trang tr\u00ed \u0111\u1eb9p m\u1eaft ph\u00f9 h\u1ee3p v\u1edbi nhi\u1ec1u kh\u00f4ng gian kh\u00e1c nhau, l\u00e1 treo\u00a0kh\u00f4ng m\u00f9i ch\u00ednh l\u00e0 s\u1ea3n ph\u1ea9m ti\u1ec7n \u00edch gi\u00fap m\u1ecdi ng\u01b0\u1eddi c\u00f3 th\u1ec3 tho\u1ea3i m\u00e1i l\u1ef1a ch\u1ecdn m\u00f9i h\u01b0\u01a1ng y\u00eau th\u00edch c\u1ee7a m\u00ecnh b\u1eb1ng c\u00e1ch t\u1ea9m \u01b0\u1edbp tinh d\u1ea7u l\u00ean l\u00e1 treo.<\/p>\n","protected":false},"featured_media":5330,"comment_status":"open","ping_status":"closed","template":"","meta":[],"product_cat":[133],"product_tag":[164],"class_list":["post-5329","product","type-product","status-publish","has-post-thumbnail","hentry","product_cat-thom-xe","product_tag-la-treo-khong-mui-unscented"],"aioseo_notices":[],"_links":{"self":[{"href":"https:\/\/tiemtaphoa.xyz\/index.php\/wp-json\/wp\/v2\/product\/5329"}],"collection":[{"href":"https:\/\/tiemtaphoa.xyz\/index.php\/wp-json\/wp\/v2\/product"}],"about":[{"href":"https:\/\/tiemtaphoa.xyz\/index.php\/wp-json\/wp\/v2\/types\/product"}],"replies":[{"embeddable":true,"href":"https:\/\/tiemtaphoa.xyz\/index.php\/wp-json\/wp\/v2\/comments?post=5329"}],"wp:featuredmedia":[{"embeddable":true,"href":"https:\/\/tiemtaphoa.xyz\/index.php\/wp-json\/wp\/v2\/media\/5330"}],"wp:attachment":[{"href":"https:\/\/tiemtaphoa.xyz\/index.php\/wp-json\/wp\/v2\/media?parent=5329"}],"wp:term":[{"taxonomy":"product_cat","embeddable":true,"href":"https:\/\/tiemtaphoa.xyz\/index.php\/wp-json\/wp\/v2\/product_cat?post=5329"},{"taxonomy":"product_tag","embeddable":true,"href":"https:\/\/tiemtaphoa.xyz\/index.php\/wp-json\/wp\/v2\/product_tag?post=5329"}],"curies":[{"name":"wp","href":"https:\/\/api.w.org\/{rel}","templated":true}]}}