{"id":5454,"date":"2023-09-29T14:43:16","date_gmt":"2023-09-29T07:43:16","guid":{"rendered":"https:\/\/webbachhoa.com\/?post_type=product&#038;p=5454"},"modified":"2023-09-29T14:43:16","modified_gmt":"2023-09-29T07:43:16","slug":"nen-tealight-sap-ong-khong-mui-150g-set-12-hu","status":"publish","type":"product","link":"https:\/\/tiemtaphoa.xyz\/index.php\/product\/nen-tealight-sap-ong-khong-mui-150g-set-12-hu\/","title":{"rendered":"N\u1ebeN TEALIGHT S\u00c1P ONG KH\u00d4NG M\u00d9I (150G) (SET 12 H\u0168)"},"content":{"rendered":"<p>N\u1ebfn Tealight 100% b\u01a1 + s\u00e1p ong nguy\u00ean ch\u1ea5t \u0111\u01b0\u1ee3c l\u00e0m th\u1ee7 c\u00f4ng, n\u1ebfn r\u1ea5t th\u00e2n thi\u1ec7n v\u1edbi m\u00f4i tr\u01b0\u1eddng. Th\u1eddi gian ch\u00e1y t\u00f9 2h-2h15 ph\u00fat li\u00ean t\u1ee5c v\u00e0 m\u1ed7i c\u00e2y n\u1ebfn khi th\u1eafp s\u00e1ng l\u00e0m cho kh\u00f4ng kh\u00ed xung quanh th\u00eam s\u1ea1ch h\u01a1n, th\u00f4ng tho\u00e1ng h\u01a1n. Khi \u0111\u1ed1t n\u1ebfn s\u00e1p ong t\u1ea1o ra ion \u00e2m, l\u00e0m s\u1ea1ch kh\u00f4ng kh\u00ed. an to\u00e0n s\u1eed d\u1ee5ng trong c\u00e1c bu\u1ed5i ti\u1ec7c tr\u00e0, tr\u00e1ng tr\u00ed b\u00e0n ti\u1ec7c&#8230;<\/p>\n<p>-S\u1ea3n ph\u1ea9m t\u1ef1 nhi\u00ean kh\u00f4ng \u0111\u1ed9c h\u1ea1i, s\u1ea3n ph\u1ea9m 100% s\u00e1p ong v\u00e0 b\u01a1 th\u1ef1c v\u1eadt, kh\u00f4ng th\u00eam b\u1ea5t k\u1ef3 h\u00f3a ch\u1ea5t n\u00e0o, khi s\u1eed d\u1ee5ng n\u1ebfn gi\u00fap cho vi\u1ec7c th\u01b0 gi\u1ea3n, gi\u1ea3m c\u0103ng th\u1eb3ng, s\u00e1p ong \u00edt g\u00e2y d\u1ecb \u1ee9ng, r\u1ea5t t\u1ed1t cho ng\u01b0\u1eddi b\u1ecb d\u1ecb \u1ee9ng ho\u1eb7c nh\u1ea1y c\u1ea3m v\u1edbi c\u00e1c lo\u1ea1i m\u00f9i.<\/p>\n<p>&nbsp;<\/p>\n<p>-N\u1ebfn s\u00e1p ong tealight c\u00f3 r\u1ea5t nhi\u1ec1u c\u00f4ng d\u1ee5ng kh\u00e1c nhau, n\u1ebfn th\u00edch h\u1ee3p trong c\u00e1c d\u1ecbp sinh nh\u1eadt, trang tr\u00ed ph\u00f2ng c\u01b0\u1edbi, th\u1eafp tr\u00ean b\u00e0n th\u1edd, th\u00edch h\u1ee3p cho nh\u1eefng ai mu\u1ed1n trang tr\u00ed ng\u00f4i nh\u00e0 b\u1eb1ng c\u00e1c h\u01b0\u01a1ng li\u1ec7u t\u1eeb thi\u00ean nhi\u00ean.<\/p>\n<p>-N\u1ebfn tealight s\u00e1p ong c\u00f3 t\u00e1c d\u1ee5ng kh\u1eed m\u00f9i trong ph\u00f2ng, k\u1ebft h\u1ee3p v\u1edbi \u0111\u00e8n x\u00f4ng tinh d\u1ea7u gi\u00fap xua tan c\u00e1c lo\u1ea1i m\u00f9i, \u0111\u1eb7c bi\u1ec7t s\u1eed d\u1ee5ng trong nh\u00e0 b\u1ebfp r\u1ea5t hi\u1ec7u qu\u1ea3.<\/p>\n<p>-Th\u1eddi gian ch\u00e1y c\u1ee7a n\u1ebfn kh\u00e1 l\u00e2u v\u00ec v\u1eady c\u00f3 th\u1ec3 s\u1eed d\u1ee5ng m\u1ed9t c\u00e1ch l\u00e2u d\u00e0i hi\u1ec7u qu\u1ea3 trong c\u00e1c b\u1eefa ti\u1ec7c c\u1ee7a gia \u0111\u00ecnh<\/p>\n","protected":false},"excerpt":{"rendered":"<p>N\u1ebfn Tealight 100% b\u01a1 + s\u00e1p ong nguy\u00ean ch\u1ea5t \u0111\u01b0\u1ee3c l\u00e0m th\u1ee7 c\u00f4ng, n\u1ebfn r\u1ea5t th\u00e2n thi\u1ec7n v\u1edbi m\u00f4i tr\u01b0\u1eddng. Th\u1eddi gian ch\u00e1y t\u00f9 2h-2h15 ph\u00fat li\u00ean t\u1ee5c v\u00e0 m\u1ed7i c\u00e2y n\u1ebfn khi th\u1eafp s\u00e1ng l\u00e0m cho kh\u00f4ng kh\u00ed xung quanh th\u00eam s\u1ea1ch h\u01a1n, th\u00f4ng tho\u00e1ng h\u01a1n. Khi \u0111\u1ed1t n\u1ebfn s\u00e1p ong t\u1ea1o ra ion \u00e2m, l\u00e0m s\u1ea1ch kh\u00f4ng kh\u00ed. an to\u00e0n s\u1eed d\u1ee5ng trong c\u00e1c bu\u1ed5i ti\u1ec7c tr\u00e0, tr\u00e1ng tr\u00ed b\u00e0n ti\u1ec7c&#8230;<\/p>\n","protected":false},"featured_media":5458,"comment_status":"open","ping_status":"closed","template":"","meta":[],"product_cat":[129,127],"product_tag":[],"class_list":["post-5454","product","type-product","status-publish","has-post-thumbnail","hentry","product_cat-nen-thom","product_cat-san-pham-himalaya"],"aioseo_notices":[],"_links":{"self":[{"href":"https:\/\/tiemtaphoa.xyz\/index.php\/wp-json\/wp\/v2\/product\/5454"}],"collection":[{"href":"https:\/\/tiemtaphoa.xyz\/index.php\/wp-json\/wp\/v2\/product"}],"about":[{"href":"https:\/\/tiemtaphoa.xyz\/index.php\/wp-json\/wp\/v2\/types\/product"}],"replies":[{"embeddable":true,"href":"https:\/\/tiemtaphoa.xyz\/index.php\/wp-json\/wp\/v2\/comments?post=5454"}],"wp:featuredmedia":[{"embeddable":true,"href":"https:\/\/tiemtaphoa.xyz\/index.php\/wp-json\/wp\/v2\/media\/5458"}],"wp:attachment":[{"href":"https:\/\/tiemtaphoa.xyz\/index.php\/wp-json\/wp\/v2\/media?parent=5454"}],"wp:term":[{"taxonomy":"product_cat","embeddable":true,"href":"https:\/\/tiemtaphoa.xyz\/index.php\/wp-json\/wp\/v2\/product_cat?post=5454"},{"taxonomy":"product_tag","embeddable":true,"href":"https:\/\/tiemtaphoa.xyz\/index.php\/wp-json\/wp\/v2\/product_tag?post=5454"}],"curies":[{"name":"wp","href":"https:\/\/api.w.org\/{rel}","templated":true}]}}