{"id":5462,"date":"2023-09-29T14:55:42","date_gmt":"2023-09-29T07:55:42","guid":{"rendered":"https:\/\/webbachhoa.com\/?post_type=product&#038;p=5462"},"modified":"2023-09-29T14:55:43","modified_gmt":"2023-09-29T07:55:43","slug":"nen-thom-himalaya-honeysuckle-jasmine-140g","status":"publish","type":"product","link":"https:\/\/tiemtaphoa.xyz\/index.php\/product\/nen-thom-himalaya-honeysuckle-jasmine-140g\/","title":{"rendered":"N\u1ebfn th\u01a1m Himalaya Honeysuckle &#038; Jasmine (140g)"},"content":{"rendered":"<p>Honeysuckle Jasmine mang h\u01b0\u01a1ng th\u01a1m hoa ng\u1ecdt ng\u00e0o nh\u01b0 m\u1eadt ong, s\u1ebd khi\u1ebfn b\u1ea1n nh\u01b0\u00a0tr\u1ea3i qua m\u1ed9t m\u00f9a h\u00e8 \u1edf mi\u1ec1n Nam Hoa\u00a0K\u1ef3. H\u01b0\u01a1ng th\u01a1m nh\u1eb9 nh\u00e0ng, m\u01a1 m\u1ed9ng n\u00e0y m\u1edf ra v\u1edbi h\u01b0\u01a1ng \u0111\u1ea7u c\u1ee7a chanh v\u00e0 g\u1eebng tr\u01b0\u1edbc khi nh\u01b0\u1eddng ch\u1ed7 cho h\u01b0\u01a1ng hoa nh\u00e0i v\u00e0 kim ng\u00e2n. Cu\u1ed1i c\u00f9ng l\u00e0 m\u1ed9t ch\u00fat h\u01b0\u01a1ng violet, power\u00a0v\u00e0 amyris h\u00f2a quy\u1ec7n v\u1edbi h\u01b0\u01a1ng g\u1ed7 trong h\u01b0\u01a1ng th\u01a1m hoa c\u1ecf tr\u00f2n tr\u1ecba n\u00e0y. Honeysuckle Jasmine l\u00e0 m\u1ed9t h\u01b0\u01a1ng th\u01a1m ng\u1ecdt ng\u00e0o, tan ch\u1ea3y trong m\u00f9a xu\u00e2n v\u00e0 m\u00f9a h\u00e8, v\u00e0 l\u00e0 m\u1ed9t lo\u00e0i hoa quy\u1ebfn r\u0169 \u0111\u1ec3 mang theo quanh n\u0103m.\u00a0Honeysuckle Jasmine l\u00e0 n\u1ebfn th\u01a1m\u00a0\u0111\u01b0\u1ee3c pha tr\u1ed9n v\u1edbi c\u00e1c lo\u1ea1i tinh d\u1ea7u t\u1ef1 nhi\u00ean bao g\u1ed3m c\u1ea3 tagete.<\/p>\n<p>H\u01b0\u01a1ng \u0111\u1ea7u: Chanh, g\u1eebng<br \/>\nH\u01b0\u01a1ng gi\u1eefa: Hoa nh\u00e0i, kim ng\u00e2n<br \/>\nH\u01b0\u01a1ng cu\u1ed1i: G\u1ed7, violet, amyris<\/p>\n<hr \/>\n<p><strong>Th\u00e0nh ph\u1ea7n:\u00a0<\/strong>S\u00e1p Ong, S\u00e1p C\u1ecd, Tinh D\u1ea7u<\/p>\n<p><strong>Xu\u1ea5t x\u1ee9:\u00a0<\/strong>Vi\u1ec7t Nam<\/p>\n<p><strong>C\u00f4ng d\u1ee5ng:<\/strong>\u00a0T\u1ea1o H\u01b0\u01a1ng Th\u01a1m, Th\u1eafp S\u00e1ng<\/p>\n<p><strong>Kh\u1ed1i l\u01b0\u1ee3ng:<\/strong>\u00a0140g<\/p>\n<p><strong>Th\u1eddi gian ch\u00e1y:<\/strong>\u00a030gi\u1edd &#8211; Di\u1ec7n t\u00edch ph\u00f2ng ph\u00f9 h\u1ee3p: 15m\u00b2 &#8211; 20m\u00b2<\/p>\n<p><strong>H\u01b0\u1edbng d\u1eabn s\u1eed d\u1ee5ng:<\/strong>\u00a0C\u1eaft b\u1ea5c c\u00f2n 0.5cm tr\u01b0\u1edbc khi \u0111\u1ed1t, l\u1ea7n \u0111\u1ea7u \u0111\u1ed1t li\u00ean t\u1ee5c trong 2h, ng\u01b0ng \u0111\u1ed1t khi s\u00e1p ch\u1ec9 c\u00f2n 1 cm d\u01b0\u1edbi \u0111\u00e1y<\/p>\n<p><strong>B\u1ea3o qu\u1ea3n:<\/strong>\u00a0N\u01a1i kh\u00f4 m\u00e1t, tr\u00e1nh \u00e1nh n\u1eafng m\u1eb7t tr\u1eddi<\/p>\n<p><strong>Th\u00f4ng tin c\u1ea3nh b\u00e1o:<\/strong>\u00a0Ch\u1ec9 \u0111\u1ed1t n\u1ebfn trong t\u1ea7m nh\u00ecn, kh\u00f4ng \u0111\u1ec3 tr\u00ean b\u1ec1 m\u1eb7t n\u1ed9i th\u1ea5t c\u00f3 s\u01a1n, n\u00ean s\u1eed d\u1ee5ng \u0111\u0129a l\u00f3t c\u00e1ch nhi\u1ec7t, \u0111\u1ec3 xa v\u1eadt d\u1ec5 b\u1eaft ch\u00e1y, xa t\u1ea7m tay tr\u1ebb em, v\u1eadt nu\u00f4i<\/p>\n","protected":false},"excerpt":{"rendered":"<p>Honeysuckle Jasmine mang h\u01b0\u01a1ng th\u01a1m hoa ng\u1ecdt ng\u00e0o nh\u01b0 m\u1eadt ong, s\u1ebd khi\u1ebfn b\u1ea1n nh\u01b0\u00a0tr\u1ea3i qua m\u1ed9t m\u00f9a h\u00e8 \u1edf mi\u1ec1n Nam Hoa\u00a0K\u1ef3. H\u01b0\u01a1ng th\u01a1m nh\u1eb9 nh\u00e0ng, m\u01a1 m\u1ed9ng n\u00e0y m\u1edf ra v\u1edbi h\u01b0\u01a1ng \u0111\u1ea7u c\u1ee7a chanh v\u00e0 g\u1eebng tr\u01b0\u1edbc khi nh\u01b0\u1eddng ch\u1ed7 cho h\u01b0\u01a1ng hoa nh\u00e0i v\u00e0 kim ng\u00e2n. Cu\u1ed1i c\u00f9ng l\u00e0 m\u1ed9t ch\u00fat h\u01b0\u01a1ng violet, power\u00a0v\u00e0 amyris h\u00f2a quy\u1ec7n v\u1edbi h\u01b0\u01a1ng g\u1ed7 trong h\u01b0\u01a1ng th\u01a1m hoa c\u1ecf tr\u00f2n tr\u1ecba n\u00e0y. Honeysuckle Jasmine l\u00e0 m\u1ed9t h\u01b0\u01a1ng th\u01a1m ng\u1ecdt ng\u00e0o, tan ch\u1ea3y trong m\u00f9a xu\u00e2n v\u00e0 m\u00f9a h\u00e8, v\u00e0 l\u00e0 m\u1ed9t lo\u00e0i hoa quy\u1ebfn r\u0169 \u0111\u1ec3 mang theo quanh n\u0103m.\u00a0Honeysuckle Jasmine l\u00e0 n\u1ebfn th\u01a1m\u00a0\u0111\u01b0\u1ee3c pha tr\u1ed9n v\u1edbi c\u00e1c lo\u1ea1i tinh d\u1ea7u t\u1ef1 nhi\u00ean bao g\u1ed3m c\u1ea3 tagete.<\/p>\n","protected":false},"featured_media":5464,"comment_status":"open","ping_status":"closed","template":"","meta":[],"product_cat":[129,127],"product_tag":[],"class_list":["post-5462","product","type-product","status-publish","has-post-thumbnail","hentry","product_cat-nen-thom","product_cat-san-pham-himalaya"],"aioseo_notices":[],"_links":{"self":[{"href":"https:\/\/tiemtaphoa.xyz\/index.php\/wp-json\/wp\/v2\/product\/5462"}],"collection":[{"href":"https:\/\/tiemtaphoa.xyz\/index.php\/wp-json\/wp\/v2\/product"}],"about":[{"href":"https:\/\/tiemtaphoa.xyz\/index.php\/wp-json\/wp\/v2\/types\/product"}],"replies":[{"embeddable":true,"href":"https:\/\/tiemtaphoa.xyz\/index.php\/wp-json\/wp\/v2\/comments?post=5462"}],"wp:featuredmedia":[{"embeddable":true,"href":"https:\/\/tiemtaphoa.xyz\/index.php\/wp-json\/wp\/v2\/media\/5464"}],"wp:attachment":[{"href":"https:\/\/tiemtaphoa.xyz\/index.php\/wp-json\/wp\/v2\/media?parent=5462"}],"wp:term":[{"taxonomy":"product_cat","embeddable":true,"href":"https:\/\/tiemtaphoa.xyz\/index.php\/wp-json\/wp\/v2\/product_cat?post=5462"},{"taxonomy":"product_tag","embeddable":true,"href":"https:\/\/tiemtaphoa.xyz\/index.php\/wp-json\/wp\/v2\/product_tag?post=5462"}],"curies":[{"name":"wp","href":"https:\/\/api.w.org\/{rel}","templated":true}]}}