{"id":5465,"date":"2023-09-29T14:59:06","date_gmt":"2023-09-29T07:59:06","guid":{"rendered":"https:\/\/webbachhoa.com\/?post_type=product&#038;p=5465"},"modified":"2023-09-29T15:03:25","modified_gmt":"2023-09-29T08:03:25","slug":"nen-thom-himalaya-fresh-coffee-140g","status":"publish","type":"product","link":"https:\/\/tiemtaphoa.xyz\/index.php\/product\/nen-thom-himalaya-fresh-coffee-140g\/","title":{"rendered":"N\u1ebfn Th\u01a1m Himalaya Fresh Coffee (140g)"},"content":{"rendered":"<p>Kh\u00f4ng c\u00f2n g\u00ec c\u00f3 th\u1ec3 m\u00f4 t\u1ea3 \u0111\u00e2y l\u00e0 h\u01b0\u01a1ng th\u01a1m \u0111\u1eb7c tr\u01b0ng d\u00e0nh cho ph\u00e1i m\u1ea1nh, \u0111\u1eb7c bi\u1ec7t cho nh\u1eefng ng\u01b0\u1eddi y\u00eau th\u00edch c\u00e0 ph\u00ea th\u00ec m\u00f9i h\u01b0\u01a1ng Fresh Coffee ch\u00ednh l\u00e0 s\u1ef1 l\u1ef1a ch\u1ecdn tuy\u1ec7t v\u1eddi. H\u01a1n n\u1eefa h\u01b0\u01a1ng th\u01a1m n\u00e0y c\u00f2n truy\u1ec1n cho b\u1ea1n h\u1ee9ng kh\u1edfi \u0111\u1ec3 s\u00e1ng t\u1ea1o v\u00e0 ngu\u1ed3n n\u0103ng l\u01b0\u1ee3ng tr\u00e0n tr\u1ec1 \u0111\u1ec3 th\u1ecfa s\u1ee9c \u0111am m\u00ea.<\/p>\n<p>Ngo\u00e0i ra Fresh Coffee c\u00f2n ph\u00f9 h\u1ee3p t\u1ea1i nh\u1eefng qu\u00e1n c\u00e0 ph\u00ea \u0111\u1ec3 k\u00edch th\u00edch m\u00f9i v\u1ecb c\u00e0 ph\u00ea th\u1ea9m th\u1ea5u qua t\u1eebng kh\u00e1ch h\u00e0ng khi\u1ebfn cho qu\u00e1n c\u1ee7a b\u1ea1n ng\u00e0y c\u00e0ng thu h\u00fat c\u00f9ng v\u1edbi s\u1ef1 &#8220;h\u00edt h\u00e0&#8221; kh\u00f3 c\u01b0\u1ee1ng c\u1ee7a kh\u00e1ch h\u00e0ng khi \u0111\u00e3 \u0111\u1eb7t ch\u00e2n v\u00e0o qu\u00e1n c\u1ee7a b\u1ea1n.<\/p>\n<p>H\u01b0\u01a1ng \u0111\u1ea7u: Coffee<br \/>\nH\u01b0\u01a1ng gi\u1eefa: Sugar<br \/>\nH\u01b0\u01a1ng cu\u1ed1i: Cream, Coffee<\/p>\n<hr \/>\n<p><strong>Th\u00e0nh ph\u1ea7n:\u00a0<\/strong>S\u00e1p Ong, S\u00e1p C\u1ecd, Tinh D\u1ea7u<\/p>\n<p><strong>Xu\u1ea5t x\u1ee9:\u00a0<\/strong>Vi\u1ec7t Nam<\/p>\n<p><strong>C\u00f4ng d\u1ee5ng:<\/strong>\u00a0T\u1ea1o H\u01b0\u01a1ng Th\u01a1m, Th\u1eafp S\u00e1ng<\/p>\n<p><strong>Kh\u1ed1i l\u01b0\u1ee3ng:<\/strong>\u00a0140g<\/p>\n<p><strong>Th\u1eddi gian ch\u00e1y:<\/strong>\u00a030gi\u1edd &#8211; Di\u1ec7n t\u00edch ph\u00f2ng ph\u00f9 h\u1ee3p: 15m\u00b2 &#8211; 20m\u00b2<\/p>\n<p><strong>H\u01b0\u1edbng d\u1eabn s\u1eed d\u1ee5ng:<\/strong>\u00a0C\u1eaft b\u1ea5c c\u00f2n 0.5cm tr\u01b0\u1edbc khi \u0111\u1ed1t, l\u1ea7n \u0111\u1ea7u \u0111\u1ed1t li\u00ean t\u1ee5c trong 2h, ng\u01b0ng \u0111\u1ed1t khi s\u00e1p ch\u1ec9 c\u00f2n 1 cm d\u01b0\u1edbi \u0111\u00e1y<\/p>\n<p><strong>B\u1ea3o qu\u1ea3n:<\/strong>\u00a0N\u01a1i kh\u00f4 m\u00e1t, tr\u00e1nh \u00e1nh n\u1eafng m\u1eb7t tr\u1eddi<\/p>\n<p><strong>Th\u00f4ng tin c\u1ea3nh b\u00e1o:<\/strong>\u00a0Ch\u1ec9 \u0111\u1ed1t n\u1ebfn trong t\u1ea7m nh\u00ecn, kh\u00f4ng \u0111\u1ec3 tr\u00ean b\u1ec1 m\u1eb7t n\u1ed9i th\u1ea5t c\u00f3 s\u01a1n, n\u00ean s\u1eed d\u1ee5ng \u0111\u0129a l\u00f3t c\u00e1ch nhi\u1ec7t, \u0111\u1ec3 xa v\u1eadt d\u1ec5 b\u1eaft ch\u00e1y, xa t\u1ea7m tay tr\u1ebb em, v\u1eadt nu\u00f4i<\/p>\n","protected":false},"excerpt":{"rendered":"<p>Kh\u00f4ng c\u00f2n g\u00ec c\u00f3 th\u1ec3 m\u00f4 t\u1ea3 \u0111\u00e2y l\u00e0 h\u01b0\u01a1ng th\u01a1m \u0111\u1eb7c tr\u01b0ng d\u00e0nh cho ph\u00e1i m\u1ea1nh, \u0111\u1eb7c bi\u1ec7t cho nh\u1eefng ng\u01b0\u1eddi y\u00eau th\u00edch c\u00e0 ph\u00ea th\u00ec m\u00f9i h\u01b0\u01a1ng Fresh Coffee ch\u00ednh l\u00e0 s\u1ef1 l\u1ef1a ch\u1ecdn tuy\u1ec7t v\u1eddi. H\u01a1n n\u1eefa h\u01b0\u01a1ng th\u01a1m n\u00e0y c\u00f2n truy\u1ec1n cho b\u1ea1n h\u1ee9ng kh\u1edfi \u0111\u1ec3 s\u00e1ng t\u1ea1o v\u00e0 ngu\u1ed3n n\u0103ng l\u01b0\u1ee3ng tr\u00e0n tr\u1ec1 \u0111\u1ec3 th\u1ecfa s\u1ee9c \u0111am m\u00ea.<\/p>\n","protected":false},"featured_media":5467,"comment_status":"open","ping_status":"closed","template":"","meta":[],"product_cat":[129,127],"product_tag":[],"class_list":["post-5465","product","type-product","status-publish","has-post-thumbnail","hentry","product_cat-nen-thom","product_cat-san-pham-himalaya"],"aioseo_notices":[],"_links":{"self":[{"href":"https:\/\/tiemtaphoa.xyz\/index.php\/wp-json\/wp\/v2\/product\/5465"}],"collection":[{"href":"https:\/\/tiemtaphoa.xyz\/index.php\/wp-json\/wp\/v2\/product"}],"about":[{"href":"https:\/\/tiemtaphoa.xyz\/index.php\/wp-json\/wp\/v2\/types\/product"}],"replies":[{"embeddable":true,"href":"https:\/\/tiemtaphoa.xyz\/index.php\/wp-json\/wp\/v2\/comments?post=5465"}],"wp:featuredmedia":[{"embeddable":true,"href":"https:\/\/tiemtaphoa.xyz\/index.php\/wp-json\/wp\/v2\/media\/5467"}],"wp:attachment":[{"href":"https:\/\/tiemtaphoa.xyz\/index.php\/wp-json\/wp\/v2\/media?parent=5465"}],"wp:term":[{"taxonomy":"product_cat","embeddable":true,"href":"https:\/\/tiemtaphoa.xyz\/index.php\/wp-json\/wp\/v2\/product_cat?post=5465"},{"taxonomy":"product_tag","embeddable":true,"href":"https:\/\/tiemtaphoa.xyz\/index.php\/wp-json\/wp\/v2\/product_tag?post=5465"}],"curies":[{"name":"wp","href":"https:\/\/api.w.org\/{rel}","templated":true}]}}