{"id":5579,"date":"2023-09-30T11:46:15","date_gmt":"2023-09-30T04:46:15","guid":{"rendered":"https:\/\/webbachhoa.com\/?post_type=product&#038;p=5579"},"modified":"2023-09-30T11:46:30","modified_gmt":"2023-09-30T04:46:30","slug":"la-treo-thom-pink-sands-size-m","status":"publish","type":"product","link":"https:\/\/tiemtaphoa.xyz\/index.php\/product\/la-treo-thom-pink-sands-size-m\/","title":{"rendered":"L\u00e1 treo th\u01a1m Pink Sands Size M"},"content":{"rendered":"<p>Cu\u1ed9c d\u1ea1o ch\u01a1i tr\u00ean b\u00e3i bi\u1ec3n trong s\u1ef1 k\u1ebft h\u1ee3p tuy\u1ec7t \u0111\u1eb9p c\u1ee7a cam qu\u00fdt, h\u01b0\u01a1ng hoa ng\u1ecdt ng\u00e0o v\u00e0 vani cay n\u1ed3ng.\u00a0Pink sands s\u1ebd \u0111\u01b0a m\u00f9i h\u01b0\u01a1ng len l\u1ecfi kh\u1eafp kh\u00f4ng gian c\u1ee7a b\u1ea1n. M\u1ed9t m\u00f9i h\u01b0\u01a1ng d\u1ecbu d\u00e0ng nh\u01b0ng v\u1eabn r\u1ea5t vui t\u01b0\u01a1i v\u00e0 s\u1ea3ng kho\u00e1i.<\/p>\n<p>H\u01b0\u01a1ng \u0111\u1ea7u: chanh, d\u01b0a gang, qu\u1ea3 Berry<\/p>\n<p>H\u01b0\u01a1ng gi\u1eefa: Hoa Qu\u1ebf<\/p>\n<p>H\u01b0\u01a1ng cu\u1ed1i: Vani cay, x\u1ea1 h\u01b0\u01a1ng, g\u1ed7.<\/p>\n<div>\n<hr \/>\n<p>Th\u00eam tr\u1ea3i nghi\u1ec7m m\u1edbi cho nh\u1eefng ng\u01b0\u1eddi y\u00eau th\u00edch m\u00f9i h\u01b0\u01a1ng nh\u01b0ng th\u00edch s\u1ef1 ti\u1ec7n l\u1ee3i v\u00e0 \u0111\u01a1n gi\u1ea3n. L\u00e1 th\u01a1m treo ph\u00f9 h\u1ee3p cho nh\u1eefng n\u01a1i c\u00f3 kh\u00f4ng gian nh\u1ecf trong nh\u00e0 nh\u01b0 t\u1ee7 qu\u1ea7n \u00e1o, t\u1ee7 gi\u00e0y, tr\u00ean xe \u00f4 t\u00f4, vali, gi\u1ecfi x\u00e1ch, trong toilet&#8230; \u0111\u1ec3 m\u1ecdi ng\u00f3c ng\u00e1ch lu\u00f4n c\u00f3 h\u01b0\u01a1ng th\u01a1m \u00a0v\u00e0 c\u1ef1c k\u00ec ti\u1ec7n l\u1ee3i.<\/p>\n<p>L\u00e1 treo \u00a0th\u01a1m s\u1eed d\u1ee5ng \u0111\u01b0\u1ee3c t\u1eeb 2-4 tu\u1ea7n. V\u1edbi chi ph\u00ed th\u1ea5p n\u00ean ng\u01b0\u1eddi s\u1eed d\u1ee5ng c\u00f3 th\u1ec3 thay \u0111\u1ed5i li\u00ean t\u1ee5c theo s\u1edf th\u00edch ho\u1eb7c theo th\u1eddi ti\u1ebft \u0111\u1ec3 tr\u1ea3i nghi\u1ec7m \u0111\u01b0\u1ee3c nhi\u1ec1u m\u00f9i h\u01b0\u01a1ng kh\u00e1c nhau.<\/p>\n<p><strong>H\u01b0\u1edbng d\u1eabn s\u1eed d\u1ee5ng:<\/strong><\/p>\n<p>&#8211; C\u00e1ch 1: \u00a0L\u1ea5y s\u1ea3n ph\u1ea9m ra kh\u1ecfi bao b\u00ec, treo \u1edf c\u00e1c v\u1ecb tr\u00ed mong mu\u1ed1n: b\u00ean trong \u00f4 t\u00f4, t\u1ee7 qu\u1ea7n \u00e1o, \u0111\u1eb7t trong c\u1ed1p xe, treo trong nh\u00e0 v\u1ec7 sinh.<\/p>\n<p>&#8211; C\u00e1ch 2<\/p>\n<p><img loading=\"lazy\" decoding=\"async\" src=\"https:\/\/static.xx.fbcdn.net\/images\/emoji.php\/v9\/taa\/1.5\/16\/1f449.png\" alt=\"\ud83d\udc49\" width=\"16\" height=\"16\" \/>B\u01b0\u1edbc 1: L\u1ea5y s\u1ea3n ph\u1ea9m ra kh\u1ecfi bao b\u00ec( c\u1ea3 t\u00fai gi\u1ea5y v\u00e0 t\u00fai nylong) sau \u0111\u00f3 cho th\u1ebb th\u01a1m v\u00e0o l\u1ea1i t\u00fai gi\u1ea5y<\/p>\n<p><img loading=\"lazy\" decoding=\"async\" src=\"https:\/\/static.xx.fbcdn.net\/images\/emoji.php\/v9\/taa\/1.5\/16\/1f449.png\" alt=\"\ud83d\udc49\" width=\"16\" height=\"16\" \/>B\u01b0\u1edbc 2: D\u00f9ng k\u00e9o c\u1eaft 2 g\u00f3c d\u01b0\u1edbi c\u1ee7a bao b\u00ec gi\u1ea5y \u0111\u1ec3 h\u01b0\u01a1ng th\u01a1m tho\u00e1t ra t\u1eeb 2 \u0111\u01b0\u1eddng c\u1eaft \u0111\u00f3<\/p>\n<p><img loading=\"lazy\" decoding=\"async\" src=\"https:\/\/static.xx.fbcdn.net\/images\/emoji.php\/v9\/taa\/1.5\/16\/1f449.png\" alt=\"\ud83d\udc49\" width=\"16\" height=\"16\" \/>B\u01b0\u1edbc 3: Treo s\u1ea3n ph\u1ea9m v\u00e0o nh\u1eefng v\u1ecb tr\u00ed c\u1ea7n kh\u1eed m\u00f9i. Ph\u00f9 h\u1ee3p \u0111\u1ec3 trong t\u1ee7 qu\u1ea7n \u00e1o, t\u1ee7 gi\u00e0y, c\u1ed1p xe \u0111\u1ec3 h\u01b0\u01a1ng th\u01a1m kh\u00f4ng b\u1ecb qu\u00e1 g\u1eaft v\u00e0 t\u0103ng th\u1eddi gian s\u1eed d\u1ee5ng<\/p>\n<\/div>\n","protected":false},"excerpt":{"rendered":"<p>Cu\u1ed9c d\u1ea1o ch\u01a1i tr\u00ean b\u00e3i bi\u1ec3n trong s\u1ef1 k\u1ebft h\u1ee3p tuy\u1ec7t \u0111\u1eb9p c\u1ee7a cam qu\u00fdt, h\u01b0\u01a1ng hoa ng\u1ecdt ng\u00e0o v\u00e0 vani cay n\u1ed3ng.\u00a0Pink sands s\u1ebd \u0111\u01b0a m\u00f9i h\u01b0\u01a1ng len l\u1ecfi kh\u1eafp kh\u00f4ng gian c\u1ee7a b\u1ea1n. M\u1ed9t m\u00f9i h\u01b0\u01a1ng d\u1ecbu d\u00e0ng nh\u01b0ng v\u1eabn r\u1ea5t vui t\u01b0\u01a1i v\u00e0 s\u1ea3ng kho\u00e1i.<\/p>\n<p>H\u01b0\u01a1ng \u0111\u1ea7u: chanh, d\u01b0a gang, qu\u1ea3 Berry<\/p>\n<p>H\u01b0\u01a1ng gi\u1eefa: Hoa Qu\u1ebf<\/p>\n<p>H\u01b0\u01a1ng cu\u1ed1i: Vani cay, x\u1ea1 h\u01b0\u01a1ng, g\u1ed7.<\/p>\n","protected":false},"featured_media":5576,"comment_status":"open","ping_status":"closed","template":"","meta":[],"product_cat":[133],"product_tag":[],"class_list":["post-5579","product","type-product","status-publish","has-post-thumbnail","hentry","product_cat-thom-xe"],"aioseo_notices":[],"_links":{"self":[{"href":"https:\/\/tiemtaphoa.xyz\/index.php\/wp-json\/wp\/v2\/product\/5579"}],"collection":[{"href":"https:\/\/tiemtaphoa.xyz\/index.php\/wp-json\/wp\/v2\/product"}],"about":[{"href":"https:\/\/tiemtaphoa.xyz\/index.php\/wp-json\/wp\/v2\/types\/product"}],"replies":[{"embeddable":true,"href":"https:\/\/tiemtaphoa.xyz\/index.php\/wp-json\/wp\/v2\/comments?post=5579"}],"wp:featuredmedia":[{"embeddable":true,"href":"https:\/\/tiemtaphoa.xyz\/index.php\/wp-json\/wp\/v2\/media\/5576"}],"wp:attachment":[{"href":"https:\/\/tiemtaphoa.xyz\/index.php\/wp-json\/wp\/v2\/media?parent=5579"}],"wp:term":[{"taxonomy":"product_cat","embeddable":true,"href":"https:\/\/tiemtaphoa.xyz\/index.php\/wp-json\/wp\/v2\/product_cat?post=5579"},{"taxonomy":"product_tag","embeddable":true,"href":"https:\/\/tiemtaphoa.xyz\/index.php\/wp-json\/wp\/v2\/product_tag?post=5579"}],"curies":[{"name":"wp","href":"https:\/\/api.w.org\/{rel}","templated":true}]}}